Last updated on 2025-07-24 12:51:28 CEST.
Flavor | Version | Tinstall | Tcheck | Ttotal | Status | Flags |
---|---|---|---|---|---|---|
r-devel-linux-x86_64-debian-clang | 0.1.7 | 11.14 | 89.07 | 100.21 | NOTE | |
r-devel-linux-x86_64-debian-gcc | 0.1.7 | 8.20 | 65.12 | 73.32 | NOTE | |
r-devel-linux-x86_64-fedora-clang | 0.1.7 | 153.52 | OK | |||
r-devel-linux-x86_64-fedora-gcc | 0.1.7 | 144.13 | OK | |||
r-devel-windows-x86_64 | 0.1.7 | 13.00 | 94.00 | 107.00 | OK | |
r-patched-linux-x86_64 | 0.1.7 | 9.71 | 82.89 | 92.60 | OK | |
r-release-linux-x86_64 | 0.1.7 | 10.44 | 83.38 | 93.82 | OK | |
r-release-macos-arm64 | 0.1.7 | 44.00 | OK | |||
r-release-macos-x86_64 | 0.1.7 | 83.00 | OK | |||
r-release-windows-x86_64 | 0.1.7 | 14.00 | 96.00 | 110.00 | OK | |
r-oldrel-macos-arm64 | 0.1.7 | 45.00 | OK | |||
r-oldrel-macos-x86_64 | 0.1.7 | 65.00 | OK | |||
r-oldrel-windows-x86_64 | 0.1.7 | 16.00 | 117.00 | 133.00 | OK |
Version: 0.1.7
Check: CRAN incoming feasibility
Result: NOTE
Maintainer: ‘Babatunde Alli <babatunde.alli@mail.mcgill.ca>’
No Authors@R field in DESCRIPTION.
Please add one, modifying
Authors@R: person(given = "Babatunde",
family = "Alli",
role = c("aut", "cre"),
email = "babatunde.alli@mail.mcgill.ca")
as necessary.
Flavors: r-devel-linux-x86_64-debian-clang, r-devel-linux-x86_64-debian-gcc