Last updated on 2025-05-03 21:51:21 CEST.
Flavor | Version | Tinstall | Tcheck | Ttotal | Status | Flags |
---|---|---|---|---|---|---|
r-devel-linux-x86_64-debian-clang | 1.2.0 | 3.13 | 51.42 | 54.55 | NOTE | |
r-devel-linux-x86_64-debian-gcc | 1.2.0 | 2.12 | 35.65 | 37.77 | NOTE | |
r-devel-linux-x86_64-fedora-clang | 1.2.0 | 89.85 | OK | |||
r-devel-linux-x86_64-fedora-gcc | 1.2.0 | 100.68 | OK | |||
r-devel-windows-x86_64 | 1.2.0 | 5.00 | 76.00 | 81.00 | OK | |
r-patched-linux-x86_64 | 1.2.0 | 3.66 | 49.01 | 52.67 | OK | |
r-release-linux-x86_64 | OK | |||||
r-release-macos-arm64 | 1.2.0 | 34.00 | OK | |||
r-release-macos-x86_64 | 1.2.0 | 66.00 | OK | |||
r-release-windows-x86_64 | 1.2.0 | 5.00 | 76.00 | 81.00 | OK | |
r-oldrel-macos-arm64 | 1.2.0 | 32.00 | OK | |||
r-oldrel-macos-x86_64 | 1.2.0 | 60.00 | OK | |||
r-oldrel-windows-x86_64 | 1.2.0 | 6.00 | 89.00 | 95.00 | OK |
Version: 1.2.0
Check: CRAN incoming feasibility
Result: NOTE
Maintainer: ‘Kerstin Johnsson <kerstin.johnsson@hotmail.com>’
No Authors@R field in DESCRIPTION.
Please add one, modifying
Authors@R: c(person(given = "Kerstin",
family = "Johnsson",
role = c("aut", "cre"),
email = "kerstin.johnsson@hotmail.com"),
person(given = "Lund",
family = "University",
role = "aut"))
as necessary.
Flavors: r-devel-linux-x86_64-debian-clang, r-devel-linux-x86_64-debian-gcc