Last updated on 2025-05-06 03:51:05 CEST.
Flavor | Version | Tinstall | Tcheck | Ttotal | Status | Flags |
---|---|---|---|---|---|---|
r-devel-linux-x86_64-debian-clang | 0.2.2 | 153.20 | 48.56 | 201.76 | NOTE | |
r-devel-linux-x86_64-debian-gcc | 0.2.2 | 118.26 | 35.04 | 153.30 | NOTE | |
r-devel-linux-x86_64-fedora-clang | 0.2.2 | 368.00 | NOTE | |||
r-devel-linux-x86_64-fedora-gcc | 0.2.2 | 433.66 | NOTE | |||
r-devel-windows-x86_64 | 0.2.2 | 166.00 | 89.00 | 255.00 | NOTE | |
r-patched-linux-x86_64 | 0.2.2 | 157.21 | 44.62 | 201.83 | NOTE | |
r-release-linux-x86_64 | 0.2.2 | 155.72 | 44.46 | 200.18 | NOTE | |
r-release-macos-arm64 | 0.2.2 | 77.00 | NOTE | |||
r-release-macos-x86_64 | 0.2.2 | 98.00 | NOTE | |||
r-release-windows-x86_64 | 0.2.2 | 168.00 | 94.00 | 262.00 | NOTE | |
r-oldrel-macos-arm64 | 0.2.2 | 81.00 | NOTE | |||
r-oldrel-macos-x86_64 | 0.2.2 | 79.00 | NOTE | |||
r-oldrel-windows-x86_64 | 0.2.2 | 198.00 | 114.00 | 312.00 | NOTE |
Version: 0.2.2
Check: C++ specification
Result: NOTE
Specified C++11: please drop specification unless essential
Flavors: r-devel-linux-x86_64-debian-clang, r-devel-linux-x86_64-debian-gcc, r-devel-linux-x86_64-fedora-clang, r-devel-linux-x86_64-fedora-gcc, r-devel-windows-x86_64, r-patched-linux-x86_64, r-release-linux-x86_64, r-release-macos-arm64, r-release-macos-x86_64, r-release-windows-x86_64, r-oldrel-macos-arm64, r-oldrel-macos-x86_64, r-oldrel-windows-x86_64
Version: 0.2.2
Check: Rd files
Result: NOTE
checkRd: (-1) cox_cure_net.Rd:132: Lost braces
132 | \code{surv_lambda} (or code{cure_lambda}) that produces all-zero
| ^
Flavors: r-devel-linux-x86_64-debian-clang, r-devel-linux-x86_64-debian-gcc, r-devel-linux-x86_64-fedora-clang, r-devel-linux-x86_64-fedora-gcc, r-devel-windows-x86_64, r-patched-linux-x86_64, r-release-linux-x86_64, r-release-macos-arm64, r-release-macos-x86_64, r-release-windows-x86_64, r-oldrel-macos-arm64, r-oldrel-macos-x86_64, r-oldrel-windows-x86_64
Version: 0.2.2
Check: installed package size
Result: NOTE
installed size is 11.4Mb
sub-directories of 1Mb or more:
libs 10.7Mb
Flavors: r-oldrel-macos-arm64, r-oldrel-macos-x86_64
Version: 0.2.2
Check: LazyData
Result: NOTE
'LazyData' is specified without a 'data' directory
Flavors: r-oldrel-macos-arm64, r-oldrel-macos-x86_64, r-oldrel-windows-x86_64