CRAN Package Check Results for Package ipd

Last updated on 2025-05-03 12:54:44 CEST.

Flavor Version Tinstall Tcheck Ttotal Status Flags
r-devel-linux-x86_64-debian-clang 0.1.4 15.75 187.85 203.60 NOTE
r-devel-linux-x86_64-debian-gcc 0.1.4 11.99 128.32 140.31 NOTE
r-devel-linux-x86_64-fedora-clang 0.1.4 307.99 NOTE
r-devel-linux-x86_64-fedora-gcc 0.1.4 321.72 NOTE
r-devel-windows-x86_64 0.1.4 18.00 192.00 210.00 NOTE
r-patched-linux-x86_64 0.1.4 17.16 174.37 191.53 NOTE
r-release-linux-x86_64 NOTE
r-release-macos-arm64 0.1.4 104.00 NOTE
r-release-macos-x86_64 0.1.4 164.00 NOTE
r-release-windows-x86_64 0.1.4 18.00 194.00 212.00 NOTE
r-oldrel-macos-arm64 0.1.4 95.00 OK
r-oldrel-macos-x86_64 0.1.4 172.00 OK
r-oldrel-windows-x86_64 0.1.4 22.00 246.00 268.00 OK

Check Details

Version: 0.1.4
Check: DESCRIPTION meta-information
Result: NOTE Missing dependency on R >= 4.1.0 because package code uses the pipe |> or function shorthand \(...) syntax added in R 4.1.0. File(s) using such syntax: ‘calc_lhat_glm.Rd’ ‘ipd.R’ ‘logistic_get_stats.Rd’ ‘ols_get_stats.Rd’ ‘postpi_analytic_ols.Rd’ ‘postpi_boot_logistic.Rd’ ‘postpi_boot_ols.Rd’ ‘ppi_logistic.Rd’ ‘ppi_mean.Rd’ ‘ppi_ols.R’ ‘ppi_ols.Rd’ ‘ppi_plusplus_logistic.Rd’ ‘ppi_plusplus_logistic_est.Rd’ ‘ppi_plusplus_mean.Rd’ ‘ppi_plusplus_mean_est.Rd’ ‘ppi_plusplus_ols.Rd’ ‘ppi_plusplus_ols_est.Rd’ ‘ppi_plusplus_quantile.Rd’ ‘ppi_plusplus_quantile_est.Rd’ ‘ppi_quantile.Rd’ ‘pspa_logistic.Rd’ ‘pspa_mean.Rd’ ‘pspa_ols.Rd’ ‘pspa_poisson.Rd’ ‘pspa_quantile.Rd’ ‘simdat.R’ Flavors: r-devel-linux-x86_64-debian-clang, r-devel-linux-x86_64-debian-gcc, r-devel-linux-x86_64-fedora-clang, r-devel-linux-x86_64-fedora-gcc, r-devel-windows-x86_64, r-patched-linux-x86_64, r-release-linux-x86_64, r-release-macos-arm64, r-release-windows-x86_64

Version: 0.1.4
Check: DESCRIPTION meta-information
Result: NOTE Missing dependency on R >= 4.1.0 because package code uses the pipe |> or function shorthand \(...) syntax added in R 4.1.0. File(s) using such syntax: ‘ipd.R’ ‘ppi_ols.R’ ‘simdat.R’ Flavor: r-release-macos-x86_64