Last updated on 2025-07-24 06:49:29 CEST.
Flavor | Version | Tinstall | Tcheck | Ttotal | Status | Flags |
---|---|---|---|---|---|---|
r-devel-linux-x86_64-debian-clang | 1.0.2 | 5.12 | 136.29 | 141.41 | OK | |
r-devel-linux-x86_64-debian-gcc | 1.0.2 | 3.33 | 97.38 | 100.71 | OK | |
r-devel-linux-x86_64-fedora-clang | 1.0.2 | 222.60 | OK | |||
r-devel-linux-x86_64-fedora-gcc | 1.0.2 | 223.17 | OK | |||
r-devel-windows-x86_64 | 1.0.2 | 6.00 | 123.00 | 129.00 | OK | |
r-patched-linux-x86_64 | 1.0.2 | 5.51 | 127.08 | 132.59 | OK | |
r-release-linux-x86_64 | 1.0.2 | 5.24 | 127.83 | 133.07 | OK | |
r-release-macos-arm64 | 1.0.2 | 64.00 | OK | |||
r-release-macos-x86_64 | 1.0.2 | 136.00 | OK | |||
r-release-windows-x86_64 | 1.0.2 | 6.00 | 126.00 | 132.00 | OK | |
r-oldrel-macos-arm64 | 1.0.2 | 65.00 | NOTE | |||
r-oldrel-macos-x86_64 | 1.0.2 | 102.00 | NOTE | |||
r-oldrel-windows-x86_64 | 1.0.2 | 9.00 | 173.00 | 182.00 | NOTE |
Version: 1.0.2
Check: LazyData
Result: NOTE
'LazyData' is specified without a 'data' directory
Flavors: r-oldrel-macos-arm64, r-oldrel-macos-x86_64, r-oldrel-windows-x86_64