CRAN Package Check Results for Package irr

Last updated on 2025-05-03 21:51:21 CEST.

Flavor Version Tinstall Tcheck Ttotal Status Flags
r-devel-linux-x86_64-debian-clang 0.84.1 3.30 29.95 33.25 NOTE
r-devel-linux-x86_64-debian-gcc 0.84.1 2.74 22.85 25.59 NOTE
r-devel-linux-x86_64-fedora-clang 0.84.1 51.61 OK
r-devel-linux-x86_64-fedora-gcc 0.84.1 51.45 OK
r-devel-windows-x86_64 0.84.1 5.00 60.00 65.00 OK
r-patched-linux-x86_64 0.84.1 4.00 28.46 32.46 OK
r-release-linux-x86_64 OK
r-release-macos-arm64 0.84.1 22.00 OK
r-release-macos-x86_64 0.84.1 34.00 OK
r-release-windows-x86_64 0.84.1 6.00 63.00 69.00 OK
r-oldrel-macos-arm64 0.84.1 32.00 OK
r-oldrel-macos-x86_64 0.84.1 28.00 OK
r-oldrel-windows-x86_64 0.84.1 4.00 59.00 63.00 OK

Check Details

Version: 0.84.1
Check: CRAN incoming feasibility
Result: NOTE Maintainer: ‘Matthias Gamer <m.gamer@uke.uni-hamburg.de>’ No Authors@R field in DESCRIPTION. Please add one, modifying Authors@R: c(person(given = "Matthias", family = "Gamer", role = c("aut", "cre"), email = "m.gamer@uke.uni-hamburg.de"), person(given = "Jim", family = "Lemon", role = "aut", email = "jim@bitwrit.com.au"), person(given = c("Ian", "Fellows", "Puspendra", "Singh"), family = "<puspendra.pusp22@gmail.com>", role = "aut", email = "puspendra.pusp22@gmail.com")) as necessary. Flavors: r-devel-linux-x86_64-debian-clang, r-devel-linux-x86_64-debian-gcc