Last updated on 2025-05-07 06:49:52 CEST.
Flavor | Version | Tinstall | Tcheck | Ttotal | Status | Flags |
---|---|---|---|---|---|---|
r-devel-linux-x86_64-debian-clang | 0.2.3 | 2.39 | 21.82 | 24.21 | NOTE | |
r-devel-linux-x86_64-debian-gcc | 0.2.3 | 2.05 | 17.25 | 19.30 | NOTE | |
r-devel-linux-x86_64-fedora-clang | 0.2.3 | 37.87 | OK | |||
r-devel-linux-x86_64-fedora-gcc | 0.2.3 | 38.41 | OK | |||
r-devel-windows-x86_64 | 0.2.3 | 4.00 | 42.00 | 46.00 | OK | |
r-patched-linux-x86_64 | 0.2.3 | 2.69 | 21.34 | 24.03 | OK | |
r-release-linux-x86_64 | 0.2.3 | 2.49 | 20.99 | 23.48 | OK | |
r-release-macos-arm64 | 0.2.3 | 17.00 | OK | |||
r-release-macos-x86_64 | 0.2.3 | 33.00 | OK | |||
r-release-windows-x86_64 | 0.2.3 | 5.00 | 46.00 | 51.00 | OK | |
r-oldrel-macos-arm64 | 0.2.3 | 16.00 | OK | |||
r-oldrel-macos-x86_64 | 0.2.3 | 27.00 | OK | |||
r-oldrel-windows-x86_64 | 0.2.3 | 5.00 | 42.00 | 47.00 | OK |
Version: 0.2.3
Check: CRAN incoming feasibility
Result: NOTE
Maintainer: ‘Markus Brueckl <markus.brueckl@tu-berlin.de>’
No Authors@R field in DESCRIPTION.
Please add one, modifying
Authors@R: c(person(given = "Markus",
family = "Brueckl",
role = c("aut", "cre"),
email = "markus.brueckl@tu-berlin.de"),
person(given = "Florian",
family = "Heuer",
role = c("aut", "trl")))
as necessary.
Flavors: r-devel-linux-x86_64-debian-clang, r-devel-linux-x86_64-debian-gcc