Last updated on 2025-05-03 21:51:21 CEST.
Flavor | Version | Tinstall | Tcheck | Ttotal | Status | Flags |
---|---|---|---|---|---|---|
r-devel-linux-x86_64-debian-clang | 1.3 | 10.43 | 82.08 | 92.51 | NOTE | |
r-devel-linux-x86_64-debian-gcc | 1.3 | 8.06 | 60.53 | 68.59 | NOTE | |
r-devel-linux-x86_64-fedora-clang | 1.3 | 148.98 | OK | |||
r-devel-linux-x86_64-fedora-gcc | 1.3 | 166.57 | OK | |||
r-devel-windows-x86_64 | 1.3 | 11.00 | 91.00 | 102.00 | OK | |
r-patched-linux-x86_64 | 1.3 | 11.27 | 79.85 | 91.12 | OK | |
r-release-linux-x86_64 | OK | |||||
r-release-macos-arm64 | 1.3 | 65.00 | OK | |||
r-release-macos-x86_64 | 1.3 | 100.00 | OK | |||
r-release-windows-x86_64 | 1.3 | 12.00 | 91.00 | 103.00 | OK | |
r-oldrel-macos-arm64 | 1.3 | 47.00 | OK | |||
r-oldrel-macos-x86_64 | 1.3 | 81.00 | OK | |||
r-oldrel-windows-x86_64 | 1.3 | 15.00 | 117.00 | 132.00 | OK |
Version: 1.3
Check: CRAN incoming feasibility
Result: NOTE
Maintainer: ‘Hui Xie <huixie@uic.edu>’
No Authors@R field in DESCRIPTION.
Please add one, modifying
Authors@R: c(person(given = "Hui",
family = "Xie",
role = c("aut", "cre"),
email = "huixie@uic.edu"),
person(given = "Weihua",
family = "Gao",
role = "aut"),
person(given = "Baodong",
family = "Xing",
role = "aut"),
person(given = "Daniel",
family = "Heitjan",
role = "aut"),
person(given = "Donald",
family = "Hedeker",
role = "aut"),
person(given = "Chengbo",
family = "Yuan",
role = "aut"))
as necessary.
Package CITATION file contains call(s) to old-style personList() or
as.personList(). Please use c() on person objects instead.
Package CITATION file contains call(s) to old-style citEntry(). Please
use bibentry() instead.
Flavors: r-devel-linux-x86_64-debian-clang, r-devel-linux-x86_64-debian-gcc