Last updated on 2025-07-23 21:51:48 CEST.
Flavor | Version | Tinstall | Tcheck | Ttotal | Status | Flags |
---|---|---|---|---|---|---|
r-devel-linux-x86_64-debian-clang | 1.0 | 22.82 | 183.34 | 206.16 | NOTE | |
r-devel-linux-x86_64-debian-gcc | 1.0 | 13.07 | 111.16 | 124.23 | NOTE | |
r-devel-linux-x86_64-fedora-clang | 1.0 | 319.70 | OK | |||
r-devel-linux-x86_64-fedora-gcc | 1.0 | 316.91 | OK | |||
r-devel-windows-x86_64 | 1.0 | 17.00 | 142.00 | 159.00 | OK | |
r-patched-linux-x86_64 | 1.0 | 21.65 | 171.09 | 192.74 | OK | |
r-release-linux-x86_64 | 1.0 | 21.58 | 172.27 | 193.85 | OK | |
r-release-macos-arm64 | 1.0 | 55.00 | OK | |||
r-release-macos-x86_64 | 1.0 | 129.00 | OK | |||
r-release-windows-x86_64 | 1.0 | 20.00 | 145.00 | 165.00 | OK | |
r-oldrel-macos-arm64 | 1.0 | 56.00 | OK | |||
r-oldrel-macos-x86_64 | 1.0 | 101.00 | OK | |||
r-oldrel-windows-x86_64 | 1.0 | 23.00 | 204.00 | 227.00 | OK |
Version: 1.0
Check: CRAN incoming feasibility
Result: NOTE
Maintainer: ‘Michele Dalponte <michele.dalponte@fmach.it>’
No Authors@R field in DESCRIPTION.
Please add one, modifying
Authors@R: person(given = "Michele",
family = "Dalponte",
role = c("aut", "cre"),
email = "michele.dalponte@fmach.it")
as necessary.
Flavors: r-devel-linux-x86_64-debian-clang, r-devel-linux-x86_64-debian-gcc