Last updated on 2025-05-07 06:49:52 CEST.
Flavor | Version | Tinstall | Tcheck | Ttotal | Status | Flags |
---|---|---|---|---|---|---|
r-devel-linux-x86_64-debian-clang | 1.1-4 | 3.04 | 23.02 | 26.06 | NOTE | |
r-devel-linux-x86_64-debian-gcc | 1.1-4 | 2.38 | 17.78 | 20.16 | NOTE | |
r-devel-linux-x86_64-fedora-clang | 1.1-4 | 40.10 | OK | |||
r-devel-linux-x86_64-fedora-gcc | 1.1-4 | 39.50 | OK | |||
r-devel-windows-x86_64 | 1.1-4 | 7.00 | 44.00 | 51.00 | OK | |
r-patched-linux-x86_64 | 1.1-4 | 3.26 | 21.59 | 24.85 | OK | |
r-release-linux-x86_64 | 1.1-4 | 3.02 | 22.01 | 25.03 | OK | |
r-release-macos-arm64 | 1.1-4 | 21.00 | OK | |||
r-release-macos-x86_64 | 1.1-4 | 29.00 | OK | |||
r-release-windows-x86_64 | 1.1-4 | 6.00 | 51.00 | 57.00 | OK | |
r-oldrel-macos-arm64 | 1.1-4 | 18.00 | OK | |||
r-oldrel-macos-x86_64 | 1.1-4 | 25.00 | OK | |||
r-oldrel-windows-x86_64 | 1.1-4 | 7.00 | 45.00 | 52.00 | OK |
Version: 1.1-4
Check: CRAN incoming feasibility
Result: NOTE
Maintainer: ‘Bjoern Bornkamp <bbnkmp@mail.de>’
No Authors@R field in DESCRIPTION.
Please add one, modifying
Authors@R: person(given = "Bjoern",
family = "Bornkamp",
role = c("aut", "cre"),
email = "bbnkmp@mail.de")
as necessary.
Flavors: r-devel-linux-x86_64-debian-clang, r-devel-linux-x86_64-debian-gcc