Last updated on 2025-05-03 21:51:22 CEST.
Flavor | Version | Tinstall | Tcheck | Ttotal | Status | Flags |
---|---|---|---|---|---|---|
r-devel-linux-x86_64-debian-clang | 0.2.1 | 41.16 | 381.94 | 423.10 | NOTE | |
r-devel-linux-x86_64-debian-gcc | 0.2.1 | 31.06 | 250.45 | 281.51 | NOTE | |
r-devel-linux-x86_64-fedora-clang | 0.2.1 | 662.96 | OK | |||
r-devel-linux-x86_64-fedora-gcc | 0.2.1 | 668.32 | OK | |||
r-devel-windows-x86_64 | 0.2.1 | 41.00 | 312.00 | 353.00 | NOTE | |
r-patched-linux-x86_64 | 0.2.1 | 41.55 | 360.12 | 401.67 | NOTE | |
r-release-linux-x86_64 | NOTE | |||||
r-release-macos-arm64 | 0.2.1 | 188.00 | OK | |||
r-release-macos-x86_64 | 0.2.1 | 343.00 | OK | |||
r-release-windows-x86_64 | 0.2.1 | 40.00 | 311.00 | 351.00 | NOTE | |
r-oldrel-macos-arm64 | 0.2.1 | 150.00 | OK | |||
r-oldrel-macos-x86_64 | 0.2.1 | 229.00 | OK | |||
r-oldrel-windows-x86_64 | 0.2.1 | 54.00 | 439.00 | 493.00 | OK |
Version: 0.2.1
Check: CRAN incoming feasibility
Result: NOTE
Maintainer: ‘Lei Song <lsong@clarku.edu>’
The Description field contains
<arXiv:2110.13402>. Additionally, Shapley values are used to explain
Please refer to arXiv e-prints via their arXiv DOI <doi:10.48550/arXiv.YYMM.NNNNN>.
The Description field contains
(2017) <https://dl.acm.org/doi/abs/10.5555/3295222.3295230>, Molnar, C.
Please use permanent DOI markup for linking to publications as in <doi:prefix/suffix>.
Flavors: r-devel-linux-x86_64-debian-clang, r-devel-linux-x86_64-debian-gcc
Version: 0.2.1
Check: Rd cross-references
Result: NOTE
Found the following Rd file(s) with Rd \link{} targets missing package
anchors:
cmcc_bioclim.Rd: sf, sfc
detect_envi_change.Rd: st_as_stars, read_stars, explain, geom_smooth
dim_reduce.Rd: sf, sfc
future_cmcc_bioclim.Rd: sf, sfc
future_worldclim2.Rd: sf, sfc
independent_response.Rd: st_as_stars, read_stars
isotree_po.Rd: isolation.forest, sf
mainland_africa.Rd: sf, sfc
marginal_response.Rd: st_as_stars, read_stars
plot.EnvironmentalOutlier.Rd: geom_sf
plot.ShapDependence.Rd: geom_smooth
shap_dependence.Rd: st_as_stars, read_stars, explain
shap_spatial_response.Rd: st_as_stars, read_stars, explain
spatial_response.Rd: st_as_stars, read_stars, explain
suspicious_env_outliers.Rd: outlier.tree, crs, sf
variable_analysis.Rd: st_as_stars, read_stars, explain
variable_contrib.Rd: explain
worldclim2.Rd: sf, sfc
Please provide package anchors for all Rd \link{} targets not in the
package itself and the base packages.
Flavors: r-devel-linux-x86_64-debian-clang, r-devel-linux-x86_64-debian-gcc, r-devel-windows-x86_64, r-patched-linux-x86_64, r-release-linux-x86_64, r-release-windows-x86_64