Last updated on 2025-05-03 21:51:22 CEST.
Flavor | Version | Tinstall | Tcheck | Ttotal | Status | Flags |
---|---|---|---|---|---|---|
r-devel-linux-x86_64-debian-clang | 0.6 | 2.45 | 45.64 | 48.09 | NOTE | |
r-devel-linux-x86_64-debian-gcc | 0.6 | 1.76 | 32.63 | 34.39 | NOTE | |
r-devel-linux-x86_64-fedora-clang | 0.6 | 76.31 | NOTE | |||
r-devel-linux-x86_64-fedora-gcc | 0.6 | 86.61 | NOTE | |||
r-devel-windows-x86_64 | 0.6 | 3.00 | 62.00 | 65.00 | NOTE | |
r-patched-linux-x86_64 | 0.6 | 2.51 | 42.71 | 45.22 | NOTE | |
r-release-linux-x86_64 | NOTE | |||||
r-release-macos-arm64 | 0.6 | 28.00 | NOTE | |||
r-release-macos-x86_64 | 0.6 | 55.00 | NOTE | |||
r-release-windows-x86_64 | 0.6 | 5.00 | 68.00 | 73.00 | NOTE | |
r-oldrel-macos-arm64 | 0.6 | 40.00 | OK | |||
r-oldrel-macos-x86_64 | 0.6 | 91.00 | OK | |||
r-oldrel-windows-x86_64 | 0.6 | 5.00 | 76.00 | 81.00 | OK |
Version: 0.6
Check: DESCRIPTION meta-information
Result: NOTE
Missing dependency on R >= 4.1.0 because package code uses the pipe
|> or function shorthand \(...) syntax added in R 4.1.0.
File(s) using such syntax:
‘ivo_flextable_theme.Rd’ ‘ivo_table.Rd’ ‘ivo_table_add_mask.Rd’
‘ivo_table_masked.Rd’ ‘ivo_tables.R’
Flavors: r-devel-linux-x86_64-debian-clang, r-devel-linux-x86_64-debian-gcc, r-devel-linux-x86_64-fedora-clang, r-devel-linux-x86_64-fedora-gcc, r-devel-windows-x86_64, r-patched-linux-x86_64, r-release-linux-x86_64, r-release-macos-arm64, r-release-windows-x86_64
Version: 0.6
Check: DESCRIPTION meta-information
Result: NOTE
Missing dependency on R >= 4.1.0 because package code uses the pipe
|> or function shorthand \(...) syntax added in R 4.1.0.
File(s) using such syntax:
‘ivo_tables.R’
Flavor: r-release-macos-x86_64