Last updated on 2025-05-03 12:54:44 CEST.
Flavor | Version | Tinstall | Tcheck | Ttotal | Status | Flags |
---|---|---|---|---|---|---|
r-devel-linux-x86_64-debian-clang | 1.3.0 | 14.08 | 106.76 | 120.84 | NOTE | |
r-devel-linux-x86_64-debian-gcc | 1.3.0 | 9.62 | 75.95 | 85.57 | NOTE | |
r-devel-linux-x86_64-fedora-clang | 1.3.0 | 186.60 | OK | |||
r-devel-linux-x86_64-fedora-gcc | 1.3.0 | 176.83 | OK | |||
r-devel-windows-x86_64 | 1.3.0 | 15.00 | 104.00 | 119.00 | OK | |
r-patched-linux-x86_64 | 1.3.0 | 12.94 | 100.15 | 113.09 | OK | |
r-release-linux-x86_64 | OK | |||||
r-release-macos-arm64 | 1.3.0 | 50.00 | OK | |||
r-release-macos-x86_64 | 1.3.0 | 123.00 | OK | |||
r-release-windows-x86_64 | 1.3.0 | 14.00 | 101.00 | 115.00 | OK | |
r-oldrel-macos-arm64 | 1.3.0 | 47.00 | OK | |||
r-oldrel-macos-x86_64 | 1.3.0 | 74.00 | OK | |||
r-oldrel-windows-x86_64 | 1.3.0 | 18.00 | 133.00 | 151.00 | OK |
Version: 1.3.0
Check: CRAN incoming feasibility
Result: NOTE
Maintainer: ‘Giancarlo Vercellino <giancarlo.vercellino@gmail.com>’
No Authors@R field in DESCRIPTION.
Please add one, modifying
Authors@R: person(given = "Giancarlo",
family = "Vercellino",
role = c("aut", "cre"),
email = "giancarlo.vercellino@gmail.com")
as necessary.
Flavors: r-devel-linux-x86_64-debian-clang, r-devel-linux-x86_64-debian-gcc