CRAN Package Check Results for Package json64

Last updated on 2025-05-03 12:54:45 CEST.

Flavor Version Tinstall Tcheck Ttotal Status Flags
r-devel-linux-x86_64-debian-clang 0.1.3 1.53 17.10 18.63 NOTE
r-devel-linux-x86_64-debian-gcc 0.1.3 1.26 14.09 15.35 NOTE
r-devel-linux-x86_64-fedora-clang 0.1.3 29.82 OK
r-devel-linux-x86_64-fedora-gcc 0.1.3 28.02 OK
r-devel-windows-x86_64 0.1.3 3.00 50.00 53.00 OK
r-patched-linux-x86_64 0.1.3 1.52 16.74 18.26 OK
r-release-linux-x86_64 OK
r-release-macos-arm64 0.1.3 16.00 OK
r-release-macos-x86_64 0.1.3 24.00 OK
r-release-windows-x86_64 0.1.3 3.00 44.00 47.00 OK
r-oldrel-macos-arm64 0.1.3 16.00 NOTE
r-oldrel-macos-x86_64 0.1.3 20.00 NOTE
r-oldrel-windows-x86_64 0.1.3 2.00 44.00 46.00 NOTE

Check Details

Version: 0.1.3
Check: CRAN incoming feasibility
Result: NOTE Maintainer: ‘Mauricio Santelices <m.santelicesa@gmail.com>’ No Authors@R field in DESCRIPTION. Please add one, modifying Authors@R: person(given = "Mauricio", family = "Santelices", role = c("aut", "cre"), email = "m.santelicesa@gmail.com") as necessary. Flavors: r-devel-linux-x86_64-debian-clang, r-devel-linux-x86_64-debian-gcc

Version: 0.1.3
Check: LazyData
Result: NOTE 'LazyData' is specified without a 'data' directory Flavors: r-oldrel-macos-arm64, r-oldrel-macos-x86_64, r-oldrel-windows-x86_64