Last updated on 2025-05-03 21:51:22 CEST.
Flavor | Version | Tinstall | Tcheck | Ttotal | Status | Flags |
---|---|---|---|---|---|---|
r-devel-linux-x86_64-debian-clang | 0.3.3 | 7.32 | 76.58 | 83.90 | NOTE | |
r-devel-linux-x86_64-debian-gcc | 0.3.3 | 4.85 | 55.28 | 60.13 | NOTE | |
r-devel-linux-x86_64-fedora-clang | 0.3.3 | 140.86 | OK | |||
r-devel-linux-x86_64-fedora-gcc | 0.3.3 | 138.86 | OK | |||
r-devel-windows-x86_64 | 0.3.3 | 9.00 | 132.00 | 141.00 | OK | |
r-patched-linux-x86_64 | 0.3.3 | 6.99 | 70.81 | 77.80 | OK | |
r-release-linux-x86_64 | OK | |||||
r-release-macos-arm64 | 0.3.3 | 63.00 | OK | |||
r-release-macos-x86_64 | 0.3.3 | 91.00 | OK | |||
r-release-windows-x86_64 | 0.3.3 | 11.00 | 132.00 | 143.00 | OK | |
r-oldrel-macos-arm64 | 0.3.3 | 49.00 | NOTE | |||
r-oldrel-macos-x86_64 | 0.3.3 | 74.00 | NOTE | |||
r-oldrel-windows-x86_64 | 0.3.3 | 12.00 | 146.00 | 158.00 | NOTE |
Version: 0.3.3
Check: CRAN incoming feasibility
Result: NOTE
Maintainer: ‘Stephen H-T. Lihn <stevelihn@gmail.com>’
Found the following URLs which should use \doi (with the DOI name only):
File ‘jubilee-package.Rd’:
http://dx.doi.org/10.2139/ssrn.3156574
File ‘jubilee.ols.Rd’:
http://dx.doi.org/10.2139/ssrn.3156574
File ‘jubilee.predict.Rd’:
http://dx.doi.org/10.2139/ssrn.3156574
File ‘tri.wave-class.Rd’:
http://dx.doi.org/10.2139/ssrn.3156574
File ‘triangle.Rd’:
http://dx.doi.org/10.2139/ssrn.3156574
Flavors: r-devel-linux-x86_64-debian-clang, r-devel-linux-x86_64-debian-gcc
Version: 0.3.3
Check: LazyData
Result: NOTE
'LazyData' is specified without a 'data' directory
Flavors: r-oldrel-macos-arm64, r-oldrel-macos-x86_64, r-oldrel-windows-x86_64