Last updated on 2024-06-16 11:57:58 CEST.
Flavor | Version | Tinstall | Tcheck | Ttotal | Status | Flags |
---|---|---|---|---|---|---|
r-devel-linux-x86_64-debian-clang | 2.1.0 | 83.58 | 139.54 | 223.12 | OK | |
r-devel-linux-x86_64-debian-gcc | 2.1.0 | 45.91 | 119.11 | 165.02 | OK | |
r-devel-linux-x86_64-fedora-clang | 2.1.0 | 281.76 | OK | |||
r-devel-linux-x86_64-fedora-gcc | 2.1.0 | 315.74 | OK | |||
r-devel-windows-x86_64 | 2.1.0 | 59.00 | 153.00 | 212.00 | OK | |
r-patched-linux-x86_64 | 2.1.0 | 40.84 | 151.56 | 192.40 | OK | |
r-release-linux-x86_64 | 2.1.0 | 44.78 | 148.39 | 193.17 | ERROR | |
r-release-macos-arm64 | 2.1.0 | 80.00 | OK | |||
r-release-macos-x86_64 | 2.1.0 | 105.00 | OK | |||
r-release-windows-x86_64 | 2.1.0 | 62.00 | 161.00 | 223.00 | OK | |
r-oldrel-macos-arm64 | 2.1.0 | 89.00 | OK | |||
r-oldrel-macos-x86_64 | 2.1.0 | 195.00 | OK | |||
r-oldrel-windows-x86_64 | 2.1.0 | 74.00 | 181.00 | 255.00 | OK |
Version: 2.1.0
Check: tests
Result: ERROR
Running ‘testthat.R’ [20s/22s]
Running the tests in ‘tests/testthat.R’ failed.
Complete output:
> library(testthat)
> library(junctions)
Loading required package: RcppParallel
>
> test_check("junctions")
[ FAIL 1 | WARN 0 | SKIP 0 | PASS 114 ]
══ Failed tests ════════════════════════════════════════════════════════════════
── Failure ('test-unphased.R:176:3'): unphased, junctions ──────────────────────
`obs_j` not equal to `exp_j`.
1/1 mismatches
[1] 8.27 - 9.99 == -1.72
[ FAIL 1 | WARN 0 | SKIP 0 | PASS 114 ]
Error: Test failures
Execution halted
Flavor: r-release-linux-x86_64