Last updated on 2025-05-03 21:51:22 CEST.
Flavor | Version | Tinstall | Tcheck | Ttotal | Status | Flags |
---|---|---|---|---|---|---|
r-devel-linux-x86_64-debian-clang | 0.4.5 | 12.85 | 46.82 | 59.67 | NOTE | |
r-devel-linux-x86_64-debian-gcc | 0.4.5 | 11.29 | 35.11 | 46.40 | NOTE | |
r-devel-linux-x86_64-fedora-clang | 0.4.5 | 101.14 | OK | |||
r-devel-linux-x86_64-fedora-gcc | 0.4.5 | 103.09 | OK | |||
r-devel-windows-x86_64 | 0.4.5 | 20.00 | 83.00 | 103.00 | NOTE | |
r-patched-linux-x86_64 | 0.4.5 | 15.34 | 43.93 | 59.27 | NOTE | |
r-release-linux-x86_64 | NOTE | |||||
r-release-macos-arm64 | 0.4.5 | 36.00 | OK | |||
r-release-macos-x86_64 | 0.4.5 | 65.00 | OK | |||
r-release-windows-x86_64 | 0.4.5 | 19.00 | 83.00 | 102.00 | NOTE | |
r-oldrel-macos-arm64 | 0.4.5 | 34.00 | OK | |||
r-oldrel-macos-x86_64 | 0.4.5 | 66.00 | OK | |||
r-oldrel-windows-x86_64 | 0.4.5 | 22.00 | 101.00 | 123.00 | OK |
Version: 0.4.5
Check: Rd cross-references
Result: NOTE
Found the following Rd file(s) with Rd \link{} targets missing package
anchors:
contour.kdevinecop.Rd: contour.kdecopula
kdevinecop.Rd: kdecopula
Please provide package anchors for all Rd \link{} targets not in the
package itself and the base packages.
Flavors: r-devel-linux-x86_64-debian-clang, r-devel-linux-x86_64-debian-gcc, r-devel-windows-x86_64, r-patched-linux-x86_64, r-release-linux-x86_64, r-release-windows-x86_64