Last updated on 2024-06-17 06:50:21 CEST.
Flavor | Version | Tinstall | Tcheck | Ttotal | Status | Flags |
---|---|---|---|---|---|---|
r-devel-linux-x86_64-debian-clang | 1.3.5 | 3.77 | 42.45 | 46.22 | NOTE | |
r-devel-linux-x86_64-debian-gcc | 1.3.5 | 2.51 | 32.78 | 35.29 | NOTE | |
r-devel-linux-x86_64-fedora-clang | 1.3.5 | 58.19 | NOTE | |||
r-devel-linux-x86_64-fedora-gcc | 1.3.5 | 54.72 | NOTE | |||
r-devel-windows-x86_64 | 1.3.5 | 5.00 | 57.00 | 62.00 | NOTE | |
r-patched-linux-x86_64 | 1.3.5 | 3.88 | 41.97 | 45.85 | NOTE | |
r-release-linux-x86_64 | 1.3.5 | 3.70 | 42.77 | 46.47 | NOTE | |
r-release-macos-arm64 | 1.3.5 | 23.00 | NOTE | |||
r-release-macos-x86_64 | 1.3.5 | 33.00 | NOTE | |||
r-release-windows-x86_64 | 1.3.5 | 4.00 | 59.00 | 63.00 | NOTE | |
r-oldrel-macos-arm64 | 1.3.5 | 24.00 | NOTE | |||
r-oldrel-macos-x86_64 | 1.3.5 | 36.00 | NOTE | |||
r-oldrel-windows-x86_64 | 1.3.5 | 6.00 | 62.00 | 68.00 | NOTE |
Version: 1.3.5
Check: LazyData
Result: NOTE
'LazyData' is specified without a 'data' directory
Flavors: r-devel-linux-x86_64-debian-clang, r-devel-linux-x86_64-debian-gcc, r-devel-linux-x86_64-fedora-clang, r-devel-linux-x86_64-fedora-gcc, r-devel-windows-x86_64, r-patched-linux-x86_64, r-release-linux-x86_64, r-release-macos-arm64, r-release-macos-x86_64, r-release-windows-x86_64, r-oldrel-macos-arm64, r-oldrel-macos-x86_64, r-oldrel-windows-x86_64