CRAN Package Check Results for Package kirby21.base

Last updated on 2025-05-03 21:51:22 CEST.

Flavor Version Tinstall Tcheck Ttotal Status Flags
r-devel-linux-x86_64-debian-clang 1.7.3 2.07 21.00 23.07 NOTE
r-devel-linux-x86_64-debian-gcc 1.7.3 1.48 17.33 18.81 NOTE
r-devel-linux-x86_64-fedora-clang 1.7.3 36.49 OK
r-devel-linux-x86_64-fedora-gcc 1.7.3 51.80 OK
r-devel-windows-x86_64 1.7.3 3.00 44.00 47.00 OK
r-patched-linux-x86_64 1.7.3 1.93 20.20 22.13 OK
r-release-linux-x86_64 OK
r-release-macos-arm64 1.7.3 25.00 OK
r-release-macos-x86_64 1.7.3 40.00 OK
r-release-windows-x86_64 1.7.3 3.00 44.00 47.00 OK
r-oldrel-macos-arm64 1.7.3 31.00 OK
r-oldrel-macos-x86_64 1.7.3 32.00 OK
r-oldrel-windows-x86_64 1.7.3 3.00 48.00 51.00 OK

Check Details

Version: 1.7.3
Check: CRAN incoming feasibility
Result: NOTE Maintainer: ‘John Muschelli <muschellij2@gmail.com>’ No Authors@R field in DESCRIPTION. Please add one, modifying Authors@R: person(given = "John", family = "Muschelli", role = c("aut", "cre"), email = "muschellij2@gmail.com") as necessary. Flavors: r-devel-linux-x86_64-debian-clang, r-devel-linux-x86_64-debian-gcc