Last updated on 2025-07-27 03:50:08 CEST.
Flavor | Version | Tinstall | Tcheck | Ttotal | Status | Flags |
---|---|---|---|---|---|---|
r-devel-linux-x86_64-debian-clang | 0.0.2 | 3.16 | 31.37 | 34.53 | NOTE | |
r-devel-linux-x86_64-debian-gcc | 0.0.2 | 2.44 | 23.73 | 26.17 | NOTE | |
r-devel-linux-x86_64-fedora-clang | 0.0.2 | 57.57 | NOTE | |||
r-devel-linux-x86_64-fedora-gcc | 0.0.2 | 53.97 | NOTE | |||
r-devel-windows-x86_64 | 0.0.2 | 5.00 | 52.00 | 57.00 | NOTE | |
r-patched-linux-x86_64 | 0.0.2 | 3.53 | 27.58 | 31.11 | NOTE | |
r-release-linux-x86_64 | 0.0.2 | 3.25 | 27.71 | 30.96 | NOTE | |
r-release-macos-arm64 | 0.0.2 | 23.00 | NOTE | |||
r-release-macos-x86_64 | 0.0.2 | 32.00 | NOTE | |||
r-release-windows-x86_64 | 0.0.2 | 5.00 | 52.00 | 57.00 | NOTE | |
r-oldrel-macos-arm64 | 0.0.2 | 21.00 | OK | |||
r-oldrel-macos-x86_64 | 0.0.2 | 29.00 | OK | |||
r-oldrel-windows-x86_64 | 0.0.2 | 7.00 | 57.00 | 64.00 | OK |
Version: 0.0.2
Check: DESCRIPTION meta-information
Result: NOTE
Missing dependency on R >= 4.1.0 because package code uses the pipe
|> or function shorthand \(...) syntax added in R 4.1.0.
File(s) using such syntax:
‘balance.R’ ‘data.R’ ‘order.R’ ‘revise.R’ ‘utils.R’
Flavors: r-devel-linux-x86_64-debian-clang, r-devel-linux-x86_64-debian-gcc, r-devel-linux-x86_64-fedora-clang, r-devel-linux-x86_64-fedora-gcc, r-devel-windows-x86_64, r-patched-linux-x86_64, r-release-linux-x86_64, r-release-macos-arm64, r-release-macos-x86_64, r-release-windows-x86_64