Last updated on 2025-05-07 12:50:26 CEST.
Flavor | Version | Tinstall | Tcheck | Ttotal | Status | Flags |
---|---|---|---|---|---|---|
r-devel-linux-x86_64-debian-clang | 0.5.5 | 6.96 | 70.71 | 77.67 | NOTE | |
r-devel-linux-x86_64-debian-gcc | 0.5.5 | 5.60 | 51.43 | 57.03 | NOTE | |
r-devel-linux-x86_64-fedora-clang | 0.5.5 | 121.88 | OK | |||
r-devel-linux-x86_64-fedora-gcc | 0.5.5 | 115.97 | OK | |||
r-devel-windows-x86_64 | 0.5.5 | 7.00 | 88.00 | 95.00 | OK | |
r-patched-linux-x86_64 | 0.5.5 | 6.69 | 67.90 | 74.59 | OK | |
r-release-linux-x86_64 | 0.5.5 | 6.57 | 69.21 | 75.78 | OK | |
r-release-macos-arm64 | 0.5.5 | 39.00 | OK | |||
r-release-macos-x86_64 | 0.5.5 | 83.00 | OK | |||
r-release-windows-x86_64 | 0.5.5 | 7.00 | 94.00 | 101.00 | OK | |
r-oldrel-macos-arm64 | 0.5.5 | 35.00 | OK | |||
r-oldrel-macos-x86_64 | 0.5.5 | 93.00 | OK | |||
r-oldrel-windows-x86_64 | 0.5.5 | 10.00 | 102.00 | 112.00 | OK |
Version: 0.5.5
Check: CRAN incoming feasibility
Result: NOTE
Maintainer: ‘Arthur Allignol <arthur.allignol@gmail.com>’
No Authors@R field in DESCRIPTION.
Please add one, modifying
Authors@R: person(given = "Arthur",
family = "Allignol",
role = c("aut", "cre"),
email = "arthur.allignol@gmail.com")
as necessary.
Flavors: r-devel-linux-x86_64-debian-clang, r-devel-linux-x86_64-debian-gcc