Last updated on 2025-07-22 12:49:36 CEST.
Flavor | Version | Tinstall | Tcheck | Ttotal | Status | Flags |
---|---|---|---|---|---|---|
r-devel-linux-x86_64-debian-clang | 1.0 | 26.89 | 57.01 | 83.90 | NOTE | |
r-devel-linux-x86_64-debian-gcc | 1.0 | 19.96 | 44.73 | 64.69 | NOTE | |
r-devel-linux-x86_64-fedora-clang | 1.0 | 134.26 | NOTE | |||
r-devel-linux-x86_64-fedora-gcc | 1.0 | 127.60 | NOTE | |||
r-devel-windows-x86_64 | 1.0 | 31.00 | 85.00 | 116.00 | NOTE | |
r-patched-linux-x86_64 | 1.0 | 25.99 | 53.99 | 79.98 | NOTE | |
r-release-linux-x86_64 | 1.0 | 25.99 | 53.41 | 79.40 | NOTE | |
r-release-macos-arm64 | 1.0 | 40.00 | NOTE | |||
r-release-macos-x86_64 | 1.0 | 65.00 | NOTE | |||
r-release-windows-x86_64 | 1.0 | 32.00 | 83.00 | 115.00 | NOTE | |
r-oldrel-macos-arm64 | 1.0 | 39.00 | NOTE | |||
r-oldrel-macos-x86_64 | 1.0 | 59.00 | NOTE | |||
r-oldrel-windows-x86_64 | 1.0 | 37.00 | 107.00 | 144.00 | NOTE |
Version: 1.0
Check: C++ specification
Result: NOTE
Specified C++11: please drop specification unless essential
Flavors: r-devel-linux-x86_64-debian-clang, r-devel-linux-x86_64-debian-gcc, r-devel-linux-x86_64-fedora-clang, r-devel-linux-x86_64-fedora-gcc, r-devel-windows-x86_64, r-patched-linux-x86_64, r-release-linux-x86_64, r-release-macos-arm64, r-release-macos-x86_64, r-release-windows-x86_64, r-oldrel-macos-arm64, r-oldrel-macos-x86_64, r-oldrel-windows-x86_64