Last updated on 2025-05-03 21:51:22 CEST.
Flavor | Version | Tinstall | Tcheck | Ttotal | Status | Flags |
---|---|---|---|---|---|---|
r-devel-linux-x86_64-debian-clang | 0.1.9 | 8.29 | 599.48 | 607.77 | NOTE | |
r-devel-linux-x86_64-debian-gcc | 0.1.9 | 5.70 | 309.78 | 315.48 | NOTE | |
r-devel-linux-x86_64-fedora-clang | 0.1.9 | 1042.99 | NOTE | |||
r-devel-linux-x86_64-fedora-gcc | 0.1.9 | 991.22 | NOTE | |||
r-devel-windows-x86_64 | 0.1.9 | 9.00 | 501.00 | 510.00 | NOTE | |
r-patched-linux-x86_64 | 0.1.9 | 9.59 | 558.84 | 568.43 | NOTE | |
r-release-linux-x86_64 | NOTE | |||||
r-release-macos-arm64 | 0.1.9 | 182.00 | NOTE | |||
r-release-macos-x86_64 | 0.1.9 | 427.00 | NOTE | |||
r-release-windows-x86_64 | 0.1.9 | 10.00 | 496.00 | 506.00 | NOTE | |
r-oldrel-macos-arm64 | 0.1.9 | 103.00 | OK | |||
r-oldrel-macos-x86_64 | 0.1.9 | 225.00 | OK | |||
r-oldrel-windows-x86_64 | 0.1.9 | 14.00 | 328.00 | 342.00 | OK |
Version: 0.1.9
Check: DESCRIPTION meta-information
Result: NOTE
Missing dependency on R >= 4.1.0 because package code uses the pipe
|> or function shorthand \(...) syntax added in R 4.1.0.
File(s) using such syntax:
‘as_base_data_frame.R’ ‘as_base_data_frame2.R’
‘as_labeled_data_frame.R’ ‘irregular2.R’
Flavors: r-devel-linux-x86_64-debian-clang, r-devel-linux-x86_64-debian-gcc, r-devel-linux-x86_64-fedora-clang, r-devel-linux-x86_64-fedora-gcc, r-devel-windows-x86_64, r-patched-linux-x86_64, r-release-linux-x86_64, r-release-macos-arm64, r-release-macos-x86_64, r-release-windows-x86_64