Last updated on 2025-05-03 21:51:22 CEST.
Flavor | Version | Tinstall | Tcheck | Ttotal | Status | Flags |
---|---|---|---|---|---|---|
r-devel-linux-x86_64-debian-clang | 1.0.0 | 9.39 | 50.67 | 60.06 | NOTE | |
r-devel-linux-x86_64-debian-gcc | 1.0.0 | 7.08 | 37.06 | 44.14 | NOTE | |
r-devel-linux-x86_64-fedora-clang | 1.0.0 | 88.77 | OK | |||
r-devel-linux-x86_64-fedora-gcc | 1.0.0 | 100.00 | OK | |||
r-devel-windows-x86_64 | 1.0.0 | 11.00 | 64.00 | 75.00 | NOTE | |
r-patched-linux-x86_64 | 1.0.0 | 9.14 | 45.28 | 54.42 | NOTE | |
r-release-linux-x86_64 | NOTE | |||||
r-release-macos-arm64 | 1.0.0 | 52.00 | OK | |||
r-release-macos-x86_64 | 1.0.0 | 86.00 | OK | |||
r-release-windows-x86_64 | 1.0.0 | 10.00 | 65.00 | 75.00 | NOTE | |
r-oldrel-macos-arm64 | 1.0.0 | 40.00 | OK | |||
r-oldrel-macos-x86_64 | 1.0.0 | 56.00 | OK | |||
r-oldrel-windows-x86_64 | 1.0.0 | 10.00 | 73.00 | 83.00 | OK |
Version: 1.0.0
Check: CRAN incoming feasibility
Result: NOTE
Maintainer: ‘Alexandros Kouretsis <ako@eworx.gr>’
Found the following URLs which should use \doi (with the DOI name only):
File ‘classify_occupation.Rd’:
https://doi.org/10.1515/jos-2017-0006
Flavors: r-devel-linux-x86_64-debian-clang, r-devel-linux-x86_64-debian-gcc
Version: 1.0.0
Check: Rd cross-references
Result: NOTE
Found the following Rd file(s) with Rd \link{} targets missing package
anchors:
get_stopwords.Rd: stopwords, data_stopwords_misc
identify_language.Rd: cld2
Please provide package anchors for all Rd \link{} targets not in the
package itself and the base packages.
Flavors: r-devel-linux-x86_64-debian-clang, r-devel-linux-x86_64-debian-gcc, r-devel-windows-x86_64, r-patched-linux-x86_64, r-release-linux-x86_64, r-release-windows-x86_64