Last updated on 2025-05-06 21:51:53 CEST.
Flavor | Version | Tinstall | Tcheck | Ttotal | Status | Flags |
---|---|---|---|---|---|---|
r-devel-linux-x86_64-debian-clang | 0.1.2 | 1.51 | 20.75 | 22.26 | OK | |
r-devel-linux-x86_64-debian-gcc | 0.1.2 | 1.49 | 17.99 | 19.48 | OK | |
r-devel-linux-x86_64-fedora-clang | 0.1.2 | 33.55 | OK | |||
r-devel-linux-x86_64-fedora-gcc | 0.1.2 | 32.24 | OK | |||
r-devel-windows-x86_64 | 0.1.2 | 2.00 | 45.00 | 47.00 | OK | |
r-patched-linux-x86_64 | 0.1.2 | 2.07 | 19.09 | 21.16 | OK | |
r-release-linux-x86_64 | 0.1.2 | 1.78 | 19.12 | 20.90 | OK | |
r-release-macos-arm64 | 0.1.2 | 17.00 | OK | |||
r-release-macos-x86_64 | 0.1.2 | 25.00 | OK | |||
r-release-windows-x86_64 | 0.1.2 | 3.00 | 52.00 | 55.00 | OK | |
r-oldrel-macos-arm64 | 0.1.2 | 16.00 | NOTE | |||
r-oldrel-macos-x86_64 | 0.1.2 | 22.00 | NOTE | |||
r-oldrel-windows-x86_64 | 0.1.2 | 3.00 | 45.00 | 48.00 | NOTE |
Version: 0.1.2
Check: LazyData
Result: NOTE
'LazyData' is specified without a 'data' directory
Flavors: r-oldrel-macos-arm64, r-oldrel-macos-x86_64, r-oldrel-windows-x86_64