Last updated on 2024-06-16 11:57:59 CEST.
Flavor | Version | Tinstall | Tcheck | Ttotal | Status | Flags |
---|---|---|---|---|---|---|
r-devel-linux-x86_64-debian-clang | 5.2.8 | 32.12 | 246.49 | 278.61 | OK | |
r-devel-linux-x86_64-debian-gcc | 5.2.8 | 26.93 | 171.89 | 198.82 | OK | |
r-devel-linux-x86_64-fedora-clang | 5.2.8 | 337.49 | OK | |||
r-devel-linux-x86_64-fedora-gcc | 5.2.8 | 318.13 | OK | |||
r-devel-windows-x86_64 | 5.2.8 | 28.00 | 223.00 | 251.00 | ERROR | |
r-patched-linux-x86_64 | 5.2.8 | 33.60 | 232.39 | 265.99 | OK | |
r-release-linux-x86_64 | 5.2.7 | 19.80 | 227.62 | 247.42 | OK | |
r-release-macos-arm64 | 5.2.8 | 89.00 | OK | |||
r-release-macos-x86_64 | 5.2.8 | 191.00 | OK | |||
r-release-windows-x86_64 | 5.2.8 | 28.00 | 214.00 | 242.00 | OK | |
r-oldrel-macos-arm64 | 5.2.8 | 90.00 | OK | |||
r-oldrel-macos-x86_64 | 5.2.8 | 182.00 | OK | |||
r-oldrel-windows-x86_64 | 5.2.8 | 36.00 | 270.00 | 306.00 | OK |
Version: 5.2.8
Check: whether package can be installed
Result: ERROR
Installation failed.
Flavor: r-devel-windows-x86_64