Last updated on 2025-05-03 21:51:22 CEST.
Flavor | Version | Tinstall | Tcheck | Ttotal | Status | Flags |
---|---|---|---|---|---|---|
r-devel-linux-x86_64-debian-clang | 0.1.3 | 3.56 | 34.60 | 38.16 | NOTE | |
r-devel-linux-x86_64-debian-gcc | 0.1.3 | 2.49 | 25.73 | 28.22 | NOTE | |
r-devel-linux-x86_64-fedora-clang | 0.1.3 | 60.07 | NOTE | |||
r-devel-linux-x86_64-fedora-gcc | 0.1.3 | 54.01 | NOTE | |||
r-devel-windows-x86_64 | 0.1.3 | 6.00 | 54.00 | 60.00 | NOTE | |
r-patched-linux-x86_64 | 0.1.3 | 2.90 | 31.38 | 34.28 | NOTE | |
r-release-linux-x86_64 | NOTE | |||||
r-release-macos-arm64 | 0.1.3 | 40.00 | NOTE | |||
r-release-macos-x86_64 | 0.1.3 | 43.00 | NOTE | |||
r-release-windows-x86_64 | 0.1.3 | 5.00 | 51.00 | 56.00 | NOTE | |
r-oldrel-macos-arm64 | 0.1.3 | 22.00 | OK | |||
r-oldrel-macos-x86_64 | 0.1.3 | 31.00 | OK | |||
r-oldrel-windows-x86_64 | 0.1.3 | 7.00 | 60.00 | 67.00 | OK |
Version: 0.1.3
Check: DESCRIPTION meta-information
Result: NOTE
Missing dependency on R >= 4.1.0 because package code uses the pipe
|> or function shorthand \(...) syntax added in R 4.1.0.
File(s) using such syntax:
‘lay.Rd’
Flavors: r-devel-linux-x86_64-debian-clang, r-devel-linux-x86_64-debian-gcc, r-devel-linux-x86_64-fedora-clang, r-devel-linux-x86_64-fedora-gcc, r-devel-windows-x86_64, r-patched-linux-x86_64, r-release-linux-x86_64, r-release-macos-arm64, r-release-macos-x86_64, r-release-windows-x86_64