Last updated on 2025-05-03 21:51:22 CEST.
Flavor | Version | Tinstall | Tcheck | Ttotal | Status | Flags |
---|---|---|---|---|---|---|
r-devel-linux-x86_64-debian-clang | 2.4.52 | 11.64 | 67.97 | 79.61 | NOTE | |
r-devel-linux-x86_64-debian-gcc | 2.4.52 | 8.40 | 47.56 | 55.96 | NOTE | |
r-devel-linux-x86_64-fedora-clang | 2.4.52 | 126.35 | OK | |||
r-devel-linux-x86_64-fedora-gcc | 2.4.52 | 117.67 | OK | |||
r-devel-windows-x86_64 | 2.4.52 | 13.00 | 94.00 | 107.00 | OK | |
r-patched-linux-x86_64 | 2.4.52 | 11.69 | 65.43 | 77.12 | OK | |
r-release-linux-x86_64 | OK | |||||
r-release-macos-arm64 | 2.4.52 | 38.00 | OK | |||
r-release-macos-x86_64 | 2.4.52 | 58.00 | OK | |||
r-release-windows-x86_64 | 2.4.52 | 13.00 | 79.00 | 92.00 | OK | |
r-oldrel-macos-arm64 | 2.4.52 | 34.00 | OK | |||
r-oldrel-macos-x86_64 | 2.4.52 | 58.00 | OK | |||
r-oldrel-windows-x86_64 | 2.4.52 | 16.00 | 94.00 | 110.00 | OK |
Version: 2.4.52
Check: CRAN incoming feasibility
Result: NOTE
Maintainer: ‘Ivan Bezerra Allaman <iballaman@uesc.br>’
No Authors@R field in DESCRIPTION.
Please add one, modifying
Authors@R: c(person(given = c("Enio", "G."),
family = "Jelihovschi",
role = "aut",
email = "eniojelihovs@gmail.com"),
person(given = c("Ivan", "Bezerra"),
family = "Allaman",
role = c("aut", "cre"),
email = "iballaman@uesc.br"))
as necessary.
Flavors: r-devel-linux-x86_64-debian-clang, r-devel-linux-x86_64-debian-gcc