Last updated on 2025-07-24 12:51:28 CEST.
Flavor | Version | Tinstall | Tcheck | Ttotal | Status | Flags |
---|---|---|---|---|---|---|
r-devel-linux-x86_64-debian-clang | 0.2-10 | 15.46 | 181.02 | 196.48 | NOTE | |
r-devel-linux-x86_64-debian-gcc | 0.2-10 | 10.74 | 128.43 | 139.17 | NOTE | |
r-devel-linux-x86_64-fedora-clang | 0.2-10 | 308.27 | OK | |||
r-devel-linux-x86_64-fedora-gcc | 0.2-10 | 306.10 | OK | |||
r-devel-windows-x86_64 | 0.2-10 | 18.00 | 195.00 | 213.00 | NOTE | |
r-patched-linux-x86_64 | 0.2-10 | 16.24 | 170.09 | 186.33 | NOTE | |
r-release-linux-x86_64 | 0.2-10 | 11.94 | 172.15 | 184.09 | NOTE | |
r-release-macos-arm64 | 0.2-10 | 88.00 | OK | |||
r-release-macos-x86_64 | 0.2-10 | 165.00 | OK | |||
r-release-windows-x86_64 | 0.2-10 | 18.00 | 200.00 | 218.00 | NOTE | |
r-oldrel-macos-arm64 | 0.2-10 | 91.00 | OK | |||
r-oldrel-macos-x86_64 | 0.2-10 | 132.00 | OK | |||
r-oldrel-windows-x86_64 | 0.2-10 | 23.00 | 251.00 | 274.00 | OK |
Version: 0.2-10
Check: CRAN incoming feasibility
Result: NOTE
Maintainer: ‘Stamatis Kalogirou <stamatis.science@gmail.com>’
No Authors@R field in DESCRIPTION.
Please add one, modifying
Authors@R: person(given = "Stamatis",
family = "Kalogirou",
role = c("aut", "cre"),
email = "stamatis.science@gmail.com")
as necessary.
Flavors: r-devel-linux-x86_64-debian-clang, r-devel-linux-x86_64-debian-gcc
Version: 0.2-10
Check: Rd cross-references
Result: NOTE
Found the following Rd file(s) with Rd \link{} targets missing package
anchors:
gw.zi.Rd: zeroinfl
gw.zi.bw.Rd: zeroinfl
gw.zi.cv.Rd: zeroinfl
gw.zi.light.Rd: zeroinfl
gw.zi.mc.test.Rd: zeroinfl
Please provide package anchors for all Rd \link{} targets not in the
package itself and the base packages.
Flavors: r-devel-linux-x86_64-debian-clang, r-devel-linux-x86_64-debian-gcc, r-devel-windows-x86_64, r-patched-linux-x86_64, r-release-linux-x86_64, r-release-windows-x86_64