Last updated on 2025-05-03 21:51:22 CEST.
Flavor | Version | Tinstall | Tcheck | Ttotal | Status | Flags |
---|---|---|---|---|---|---|
r-devel-linux-x86_64-debian-clang | 1.0.4 | 5.55 | 37.23 | 42.78 | NOTE | |
r-devel-linux-x86_64-debian-gcc | 1.0.4 | 3.97 | 26.49 | 30.46 | NOTE | |
r-devel-linux-x86_64-fedora-clang | 1.0.4 | 67.50 | OK | |||
r-devel-linux-x86_64-fedora-gcc | 1.0.4 | 63.65 | OK | |||
r-devel-windows-x86_64 | 1.0.4 | 6.00 | 71.00 | 77.00 | OK | |
r-patched-linux-x86_64 | 1.0.4 | 6.39 | 35.01 | 41.40 | OK | |
r-release-linux-x86_64 | OK | |||||
r-release-macos-arm64 | 1.0.4 | 28.00 | OK | |||
r-release-macos-x86_64 | 1.0.4 | 59.00 | OK | |||
r-release-windows-x86_64 | 1.0.4 | 7.00 | 52.00 | 59.00 | OK | |
r-oldrel-macos-arm64 | 1.0.4 | 22.00 | NOTE | |||
r-oldrel-macos-x86_64 | 1.0.4 | 32.00 | NOTE | |||
r-oldrel-windows-x86_64 | 1.0.4 | 9.00 | 63.00 | 72.00 | NOTE |
Version: 1.0.4
Check: CRAN incoming feasibility
Result: NOTE
Maintainer: ‘Chun-Yu Liu <john401528@gmail.com>’
No Authors@R field in DESCRIPTION.
Please add one, modifying
Authors@R: c(person(given = "Chun-Yu",
family = "Liu",
role = c("aut", "cph", "cre"),
email = "john401528@gmail.com"),
person(given = "Shu-Nung",
family = "Yao",
role = c("rev", "ths")))
as necessary.
Flavors: r-devel-linux-x86_64-debian-clang, r-devel-linux-x86_64-debian-gcc
Version: 1.0.4
Check: LazyData
Result: NOTE
'LazyData' is specified without a 'data' directory
Flavors: r-oldrel-macos-arm64, r-oldrel-macos-x86_64, r-oldrel-windows-x86_64