Last updated on 2025-05-03 21:51:22 CEST.
Flavor | Version | Tinstall | Tcheck | Ttotal | Status | Flags |
---|---|---|---|---|---|---|
r-devel-linux-x86_64-debian-clang | 0.0.2 | 29.85 | 62.73 | 92.58 | NOTE | |
r-devel-linux-x86_64-debian-gcc | 0.0.2 | 22.86 | 46.13 | 68.99 | NOTE | |
r-devel-linux-x86_64-fedora-clang | 0.0.2 | 153.17 | NOTE | |||
r-devel-linux-x86_64-fedora-gcc | 0.0.2 | 173.08 | NOTE | |||
r-devel-windows-x86_64 | 0.0.2 | 37.00 | 100.00 | 137.00 | NOTE | |
r-patched-linux-x86_64 | 0.0.2 | 30.50 | 58.48 | 88.98 | NOTE | |
r-release-linux-x86_64 | NOTE | |||||
r-release-macos-arm64 | 0.0.2 | 54.00 | NOTE | |||
r-release-macos-x86_64 | 0.0.2 | 115.00 | NOTE | |||
r-release-windows-x86_64 | 0.0.2 | 36.00 | 99.00 | 135.00 | NOTE | |
r-oldrel-macos-arm64 | 0.0.2 | 48.00 | NOTE | |||
r-oldrel-macos-x86_64 | 0.0.2 | 102.00 | NOTE | |||
r-oldrel-windows-x86_64 | 0.0.2 | 43.00 | 121.00 | 164.00 | NOTE |
Version: 0.0.2
Check: C++ specification
Result: NOTE
Specified C++11: please drop specification unless essential
Flavors: r-devel-linux-x86_64-debian-clang, r-devel-linux-x86_64-debian-gcc, r-devel-linux-x86_64-fedora-clang, r-devel-linux-x86_64-fedora-gcc, r-devel-windows-x86_64, r-patched-linux-x86_64, r-release-linux-x86_64, r-release-macos-arm64, r-release-macos-x86_64, r-release-windows-x86_64, r-oldrel-macos-arm64, r-oldrel-macos-x86_64, r-oldrel-windows-x86_64
Version: 0.0.2
Check: package subdirectories
Result: NOTE
Problems with news in ‘NEWS.md’:
No news entries found.
Flavors: r-devel-linux-x86_64-debian-clang, r-devel-linux-x86_64-debian-gcc, r-devel-linux-x86_64-fedora-clang, r-devel-linux-x86_64-fedora-gcc, r-devel-windows-x86_64, r-patched-linux-x86_64, r-release-linux-x86_64, r-release-macos-arm64, r-release-macos-x86_64, r-release-windows-x86_64, r-oldrel-macos-arm64, r-oldrel-macos-x86_64, r-oldrel-windows-x86_64