Last updated on 2025-05-07 21:53:50 CEST.
Flavor | Version | Tinstall | Tcheck | Ttotal | Status | Flags |
---|---|---|---|---|---|---|
r-devel-linux-x86_64-debian-clang | 1.1.5 | 1.88 | 17.77 | 19.65 | NOTE | |
r-devel-linux-x86_64-debian-gcc | 1.1.5 | 1.47 | 14.18 | 15.65 | NOTE | |
r-devel-linux-x86_64-fedora-clang | 1.1.5 | 29.91 | OK | |||
r-devel-linux-x86_64-fedora-gcc | 1.1.5 | 29.01 | OK | |||
r-devel-windows-x86_64 | 1.1.5 | 3.00 | 41.00 | 44.00 | OK | |
r-patched-linux-x86_64 | 1.1.5 | 1.86 | 16.88 | 18.74 | OK | |
r-release-linux-x86_64 | 1.1.5 | 1.69 | 16.82 | 18.51 | OK | |
r-release-macos-arm64 | 1.1.5 | 15.00 | OK | |||
r-release-macos-x86_64 | 1.1.5 | 24.00 | OK | |||
r-release-windows-x86_64 | 1.1.5 | 2.00 | 45.00 | 47.00 | OK | |
r-oldrel-macos-arm64 | 1.1.5 | 15.00 | OK | |||
r-oldrel-macos-x86_64 | 1.1.5 | 20.00 | OK | |||
r-oldrel-windows-x86_64 | 1.1.5 | 3.00 | 39.00 | 42.00 | OK |
Version: 1.1.5
Check: CRAN incoming feasibility
Result: NOTE
Maintainer: ‘Arthur Allignol <arthur.allignol@gmail.com>’
No Authors@R field in DESCRIPTION.
Please add one, modifying
Authors@R: c(person(given = "R.",
family = "Gentleman",
role = "aut"),
person(given = "Arthur",
family = "Allignol",
role = "cre",
email = "arthur.allignol@gmail.com"))
as necessary.
Flavors: r-devel-linux-x86_64-debian-clang, r-devel-linux-x86_64-debian-gcc