Last updated on 2025-05-07 06:49:53 CEST.
Flavor | Version | Tinstall | Tcheck | Ttotal | Status | Flags |
---|---|---|---|---|---|---|
r-devel-linux-x86_64-debian-clang | 1.0 | 6.80 | 71.61 | 78.41 | NOTE | |
r-devel-linux-x86_64-debian-gcc | 1.0 | 5.45 | 52.39 | 57.84 | NOTE | |
r-devel-linux-x86_64-fedora-clang | 1.0 | 118.29 | NOTE | |||
r-devel-linux-x86_64-fedora-gcc | 1.0 | 115.41 | NOTE | |||
r-devel-windows-x86_64 | 1.0 | 10.00 | 88.00 | 98.00 | OK | |
r-patched-linux-x86_64 | 1.0 | 6.54 | 69.52 | 76.06 | OK | |
r-release-linux-x86_64 | 1.0 | 6.93 | 68.95 | 75.88 | OK | |
r-release-macos-arm64 | 1.0 | 47.00 | OK | |||
r-release-macos-x86_64 | 1.0 | 75.00 | OK | |||
r-release-windows-x86_64 | 1.0 | 10.00 | 90.00 | 100.00 | OK | |
r-oldrel-macos-arm64 | 1.0 | 40.00 | OK | |||
r-oldrel-macos-x86_64 | 1.0 | 76.00 | OK | |||
r-oldrel-windows-x86_64 | 1.0 | 12.00 | 106.00 | 118.00 | OK |
Version: 1.0
Check: CRAN incoming feasibility
Result: NOTE
Maintainer: ‘David Moriña Soler <david.morina@uab.cat>’
No Authors@R field in DESCRIPTION.
Please add one, modifying
Authors@R: person(given = "David",
family = "Moriña",
role = c("aut", "cre"),
email = "david.morina@uab.cat",
comment = "ISGlobal, Centre for Research in Environmental Epidemiology")
as necessary.
Flavors: r-devel-linux-x86_64-debian-clang, r-devel-linux-x86_64-debian-gcc
Version: 1.0
Check: compiled code
Result: NOTE
File ‘linERR/libs/linERR.so’:
Found no calls to: ‘R_registerRoutines’, ‘R_useDynamicSymbols’
It is good practice to register native routines and to disable symbol
search.
See ‘Writing portable packages’ in the ‘Writing R Extensions’ manual.
Flavors: r-devel-linux-x86_64-fedora-clang, r-devel-linux-x86_64-fedora-gcc