Last updated on 2024-06-16 11:57:59 CEST.
Flavor | Version | Tinstall | Tcheck | Ttotal | Status | Flags |
---|---|---|---|---|---|---|
r-devel-linux-x86_64-debian-clang | 1.1.3 | 5.51 | 76.29 | 81.80 | OK | |
r-devel-linux-x86_64-debian-gcc | 1.1.3 | 4.11 | 57.40 | 61.51 | OK | |
r-devel-linux-x86_64-fedora-clang | 1.1.3 | 102.04 | OK | |||
r-devel-linux-x86_64-fedora-gcc | 1.1.3 | 136.46 | OK | |||
r-devel-windows-x86_64 | 1.1.3 | 6.00 | 82.00 | 88.00 | OK | |
r-patched-linux-x86_64 | 1.1.3 | 5.96 | 73.13 | 79.09 | OK | |
r-release-linux-x86_64 | 1.1.3 | 5.27 | 71.91 | 77.18 | OK | |
r-release-macos-arm64 | 1.1.3 | 64.00 | OK | |||
r-release-macos-x86_64 | 1.1.3 | 101.00 | ERROR | |||
r-release-windows-x86_64 | 1.1.3 | 7.00 | 82.00 | 89.00 | OK | |
r-oldrel-macos-arm64 | 1.1.3 | 68.00 | OK | |||
r-oldrel-macos-x86_64 | 1.1.3 | 139.00 | OK | |||
r-oldrel-windows-x86_64 | 1.1.3 | 7.00 | 91.00 | 98.00 | OK |
Version: 1.1.3
Check: tests
Result: ERROR
Running ‘spelling.R’ [0s/0s]
Running ‘testthat.R’ [53s/44s]
Running the tests in ‘tests/testthat.R’ failed.
Last 13 lines of output:
══ Skipped tests (9) ═══════════════════════════════════════════════════════════
• On CRAN (9): 'test-deprecated.R:5:3', 'test-deprecated.R:13:3',
'test-deprecated.R:19:3', 'test-deprecated.R:27:3',
'test-compat-dplyr.R:58:3', 'test-compat-dplyr.R:70:3',
'test-compat-dplyr.R:139:3', 'test-print.R:3:3', 'test-validate_types.R:26:3'
[ FAIL 0 | WARN 11 | SKIP 9 | PASS 133 ]
>
> if (any(test_results$warning > 0) && Sys.getenv("NOT_CRAN", FALSE)) {
+ stop("tests failed with warnings")
+ }
Error in any(test_results$warning > 0) && Sys.getenv("NOT_CRAN", FALSE) :
invalid 'y' type in 'x && y'
Execution halted
Flavor: r-release-macos-x86_64