CRAN Package Check Results for Package linguisticsdown

Last updated on 2025-05-03 21:51:22 CEST.

Flavor Version Tinstall Tcheck Ttotal Status Flags
r-devel-linux-x86_64-debian-clang 1.2.0 4.33 35.98 40.31 NOTE
r-devel-linux-x86_64-debian-gcc 1.2.0 3.02 28.13 31.15 NOTE
r-devel-linux-x86_64-fedora-clang 1.2.0 65.44 OK
r-devel-linux-x86_64-fedora-gcc 1.2.0 58.23 OK
r-devel-windows-x86_64 1.2.0 6.00 56.00 62.00 OK
r-patched-linux-x86_64 1.2.0 3.80 33.68 37.48 OK
r-release-linux-x86_64 OK
r-release-macos-arm64 1.2.0 26.00 OK
r-release-macos-x86_64 1.2.0 45.00 OK
r-release-windows-x86_64 1.2.0 7.00 56.00 63.00 OK
r-oldrel-macos-arm64 1.2.0 22.00 NOTE
r-oldrel-macos-x86_64 1.2.0 33.00 NOTE
r-oldrel-windows-x86_64 1.2.0 8.00 62.00 70.00 NOTE

Check Details

Version: 1.2.0
Check: CRAN incoming feasibility
Result: NOTE Maintainer: ‘Yongfu Liao <liao961120@gmail.com>’ Found the following (possibly) invalid file URI: URI: /../../issues/3 From: README.md Flavors: r-devel-linux-x86_64-debian-clang, r-devel-linux-x86_64-debian-gcc

Version: 1.2.0
Check: LazyData
Result: NOTE 'LazyData' is specified without a 'data' directory Flavors: r-oldrel-macos-arm64, r-oldrel-macos-x86_64, r-oldrel-windows-x86_64