Last updated on 2025-05-03 21:51:22 CEST.
Flavor | Version | Tinstall | Tcheck | Ttotal | Status | Flags |
---|---|---|---|---|---|---|
r-devel-linux-x86_64-debian-clang | 1.0-0 | 1.83 | 29.36 | 31.19 | NOTE | |
r-devel-linux-x86_64-debian-gcc | 1.0-0 | 1.42 | 22.64 | 24.06 | NOTE | |
r-devel-linux-x86_64-fedora-clang | 1.0-0 | 48.69 | OK | |||
r-devel-linux-x86_64-fedora-gcc | 1.0-0 | 61.38 | OK | |||
r-devel-windows-x86_64 | 1.0-0 | 3.00 | 48.00 | 51.00 | OK | |
r-patched-linux-x86_64 | 1.0-0 | 2.10 | 26.84 | 28.94 | OK | |
r-release-linux-x86_64 | OK | |||||
r-release-macos-arm64 | 1.0-0 | 52.00 | OK | |||
r-release-macos-x86_64 | 1.0-0 | 56.00 | OK | |||
r-release-windows-x86_64 | 1.0-0 | 3.00 | 49.00 | 52.00 | OK | |
r-oldrel-macos-arm64 | 1.0-0 | 25.00 | NOTE | |||
r-oldrel-macos-x86_64 | 1.0-0 | 35.00 | NOTE | |||
r-oldrel-windows-x86_64 | 1.0-0 | 4.00 | 55.00 | 59.00 | NOTE |
Version: 1.0-0
Check: CRAN incoming feasibility
Result: NOTE
Maintainer: ‘Michal Bojanowski <michal2992@gmail.com>’
Found the following (possibly) invalid file URI:
URI: recon.icm.edu.pl
From: man/linkprediction.Rd
Flavors: r-devel-linux-x86_64-debian-clang, r-devel-linux-x86_64-debian-gcc
Version: 1.0-0
Check: LazyData
Result: NOTE
'LazyData' is specified without a 'data' directory
Flavors: r-oldrel-macos-arm64, r-oldrel-macos-x86_64, r-oldrel-windows-x86_64