Last updated on 2025-05-03 21:51:22 CEST.
Flavor | Version | Tinstall | Tcheck | Ttotal | Status | Flags |
---|---|---|---|---|---|---|
r-devel-linux-x86_64-debian-clang | 0.4.0 | 2.62 | 35.88 | 38.50 | NOTE | |
r-devel-linux-x86_64-debian-gcc | 0.4.0 | 1.55 | 26.23 | 27.78 | NOTE | |
r-devel-linux-x86_64-fedora-clang | 0.4.0 | 62.34 | OK | |||
r-devel-linux-x86_64-fedora-gcc | 0.4.0 | 74.11 | OK | |||
r-devel-windows-x86_64 | 0.4.0 | 3.00 | 54.00 | 57.00 | OK | |
r-patched-linux-x86_64 | 0.4.0 | 2.13 | 34.12 | 36.25 | OK | |
r-release-linux-x86_64 | OK | |||||
r-release-macos-arm64 | 0.4.0 | 25.00 | OK | |||
r-release-macos-x86_64 | 0.4.0 | 53.00 | OK | |||
r-release-windows-x86_64 | 0.4.0 | 3.00 | 53.00 | 56.00 | OK | |
r-oldrel-macos-arm64 | 0.4.0 | 24.00 | OK | |||
r-oldrel-macos-x86_64 | 0.4.0 | 39.00 | OK | |||
r-oldrel-windows-x86_64 | 0.4.0 | 4.00 | 63.00 | 67.00 | OK |
Version: 0.4.0
Check: CRAN incoming feasibility
Result: NOTE
Maintainer: ‘Patrick Roocks <mail@p-roocks.de>’
No Authors@R field in DESCRIPTION.
Please add one, modifying
Authors@R: person(given = "Patrick",
family = "Roocks",
role = c("aut", "cre"),
email = "mail@p-roocks.de")
as necessary.
Flavors: r-devel-linux-x86_64-debian-clang, r-devel-linux-x86_64-debian-gcc