CRAN Package Check Results for Package lit

Last updated on 2025-07-22 12:49:37 CEST.

Flavor Version Tinstall Tcheck Ttotal Status Flags
r-devel-linux-x86_64-debian-clang 1.0.0 92.21 33.76 125.97 NOTE
r-devel-linux-x86_64-debian-gcc 1.0.0 61.57 27.06 88.63 NOTE
r-devel-linux-x86_64-fedora-clang 1.0.0 275.39 NOTE
r-devel-linux-x86_64-fedora-gcc 1.0.0 222.73 NOTE
r-devel-windows-x86_64 1.0.0 103.00 70.00 173.00 NOTE
r-patched-linux-x86_64 1.0.0 88.08 31.41 119.49 NOTE
r-release-linux-x86_64 1.0.0 85.00 31.33 116.33 NOTE
r-release-macos-arm64 1.0.0 55.00 NOTE
r-release-macos-x86_64 1.0.0 73.00 NOTE
r-release-windows-x86_64 1.0.0 101.00 75.00 176.00 NOTE
r-oldrel-macos-arm64 1.0.0 63.00 NOTE
r-oldrel-macos-x86_64 1.0.0 83.00 NOTE
r-oldrel-windows-x86_64 1.0.0 126.00 89.00 215.00 NOTE

Check Details

Version: 1.0.0
Check: Rd files
Result: NOTE checkRd: (-1) lit.Rd:21: Lost braces in \itemize; \value handles \item{}{} directly checkRd: (-1) lit.Rd:22: Lost braces in \itemize; \value handles \item{}{} directly checkRd: (-1) lit.Rd:23: Lost braces in \itemize; \value handles \item{}{} directly checkRd: (-1) lit_plink.Rd:23: Lost braces in \itemize; \value handles \item{}{} directly checkRd: (-1) lit_plink.Rd:24: Lost braces in \itemize; \value handles \item{}{} directly checkRd: (-1) lit_plink.Rd:25: Lost braces in \itemize; \value handles \item{}{} directly Flavors: r-devel-linux-x86_64-debian-clang, r-devel-linux-x86_64-debian-gcc, r-devel-linux-x86_64-fedora-clang, r-devel-linux-x86_64-fedora-gcc, r-devel-windows-x86_64, r-patched-linux-x86_64, r-release-linux-x86_64, r-release-macos-arm64, r-release-macos-x86_64, r-release-windows-x86_64, r-oldrel-macos-arm64, r-oldrel-macos-x86_64, r-oldrel-windows-x86_64

Version: 1.0.0
Check: Rd cross-references
Result: NOTE Found the following Rd file(s) with Rd \link{} targets missing package anchors: gamut_plink.Rd: genio lit_plink.Rd: genio marginal_plink.Rd: genio Please provide package anchors for all Rd \link{} targets not in the package itself and the base packages. Flavors: r-devel-linux-x86_64-debian-clang, r-devel-linux-x86_64-debian-gcc, r-devel-windows-x86_64, r-patched-linux-x86_64, r-release-linux-x86_64, r-release-windows-x86_64