Last updated on 2025-05-03 21:51:22 CEST.
Flavor | Version | Tinstall | Tcheck | Ttotal | Status | Flags |
---|---|---|---|---|---|---|
r-devel-linux-x86_64-debian-clang | 0.2.4 | 12.21 | 112.75 | 124.96 | NOTE | |
r-devel-linux-x86_64-debian-gcc | 0.2.4 | 8.90 | 77.67 | 86.57 | NOTE | |
r-devel-linux-x86_64-fedora-clang | 0.2.4 | 199.23 | NOTE | |||
r-devel-linux-x86_64-fedora-gcc | 0.2.4 | 197.75 | NOTE | |||
r-devel-windows-x86_64 | 0.2.4 | 14.00 | 110.00 | 124.00 | NOTE | |
r-patched-linux-x86_64 | 0.2.4 | 13.35 | 102.33 | 115.68 | NOTE | |
r-release-linux-x86_64 | NOTE | |||||
r-release-macos-arm64 | 0.2.4 | 56.00 | NOTE | |||
r-release-macos-x86_64 | 0.2.4 | 124.00 | NOTE | |||
r-release-windows-x86_64 | 0.2.4 | 14.00 | 110.00 | 124.00 | NOTE | |
r-oldrel-macos-arm64 | 0.2.4 | 53.00 | NOTE | |||
r-oldrel-macos-x86_64 | 0.2.4 | 88.00 | NOTE | |||
r-oldrel-windows-x86_64 | 0.2.4 | 18.00 | 140.00 | 158.00 | NOTE |
Version: 0.2.4
Check: Rd files
Result: NOTE
checkRd: (-1) bootstrap_pvals.Rd:78: Lost braces; missing escapes or markup?
78 | $(n_{extreme} + 1) / (B + 1)$.
| ^
Flavors: r-devel-linux-x86_64-debian-clang, r-devel-linux-x86_64-debian-gcc, r-devel-linux-x86_64-fedora-clang, r-devel-linux-x86_64-fedora-gcc, r-devel-windows-x86_64, r-patched-linux-x86_64, r-release-linux-x86_64, r-release-macos-arm64, r-release-macos-x86_64, r-release-windows-x86_64, r-oldrel-macos-arm64, r-oldrel-macos-x86_64, r-oldrel-windows-x86_64