Last updated on 2025-05-05 21:51:08 CEST.
Flavor | Version | Tinstall | Tcheck | Ttotal | Status | Flags |
---|---|---|---|---|---|---|
r-devel-linux-x86_64-debian-clang | 1.6 | 11.85 | 99.64 | 111.49 | NOTE | |
r-devel-linux-x86_64-debian-gcc | 1.6 | 8.33 | 72.55 | 80.88 | NOTE | |
r-devel-linux-x86_64-fedora-clang | 1.6 | 169.22 | OK | |||
r-devel-linux-x86_64-fedora-gcc | 1.6 | 164.81 | OK | |||
r-devel-windows-x86_64 | 1.6 | 12.00 | 119.00 | 131.00 | NOTE | |
r-patched-linux-x86_64 | 1.6 | 12.90 | 95.67 | 108.57 | NOTE | |
r-release-linux-x86_64 | 1.6 | 10.41 | 95.10 | 105.51 | NOTE | |
r-release-macos-arm64 | 1.6 | 52.00 | OK | |||
r-release-macos-x86_64 | 1.6 | 112.00 | OK | |||
r-release-windows-x86_64 | 1.6 | 12.00 | 120.00 | 132.00 | NOTE | |
r-oldrel-macos-arm64 | 1.6 | 56.00 | OK | |||
r-oldrel-macos-x86_64 | 1.6 | 74.00 | OK | |||
r-oldrel-windows-x86_64 | 1.6 | 16.00 | 155.00 | 171.00 | OK |
Version: 1.6
Check: CRAN incoming feasibility
Result: NOTE
Maintainer: ‘Lauri Mehtatalo <lauri.mehtatalo@luke.fi>’
No Authors@R field in DESCRIPTION.
Please add one, modifying
Authors@R: c(person(given = "Lauri",
family = "Mehtatalo",
role = c("aut", "cre"),
email = "lauri.mehtatalo@luke.fi"),
person(given = "Kasper",
family = "Kansanen",
role = "aut"))
as necessary.
Flavors: r-devel-linux-x86_64-debian-clang, r-devel-linux-x86_64-debian-gcc
Version: 1.6
Check: Rd cross-references
Result: NOTE
Found the following Rd file(s) with Rd \link{} targets missing package
anchors:
fithd.Rd: nlme, lme, gls, gnls
Please provide package anchors for all Rd \link{} targets not in the
package itself and the base packages.
Flavors: r-devel-linux-x86_64-debian-clang, r-devel-linux-x86_64-debian-gcc, r-devel-windows-x86_64, r-patched-linux-x86_64, r-release-linux-x86_64, r-release-windows-x86_64