CRAN Package Check Results for Package lmls

Last updated on 2025-05-03 12:54:46 CEST.

Flavor Version Tinstall Tcheck Ttotal Status Flags
r-devel-linux-x86_64-debian-clang 0.1.1 1.80 104.85 106.65 OK
r-devel-linux-x86_64-debian-gcc 0.1.1 1.71 68.42 70.13 OK
r-devel-linux-x86_64-fedora-clang 0.1.1 179.36 OK
r-devel-linux-x86_64-fedora-gcc 0.1.1 178.55 OK
r-devel-windows-x86_64 0.1.1 3.00 0.00 3.00 FAIL
r-patched-linux-x86_64 0.1.1 1.68 100.14 101.82 OK
r-release-linux-x86_64 OK
r-release-macos-arm64 0.1.1 52.00 OK
r-release-macos-x86_64 0.1.1 119.00 OK
r-release-windows-x86_64 0.1.1 4.00 137.00 141.00 OK
r-oldrel-macos-arm64 0.1.1 66.00 OK
r-oldrel-macos-x86_64 0.1.1 174.00 OK
r-oldrel-windows-x86_64 0.1.1 4.00 165.00 169.00 OK

Check Details

Version: 0.1.1
Check: re-building of vignette outputs
Result: FAIL Check process probably crashed or hung up for 20 minutes ... killed Most likely this happened in the example checks (?), if not, ignore the following last lines of example output: Scale coefficients (log link): Mean 2.5% 50% 97.5% (Intercept) 1.35961 1.17401 1.35772 1.552 x 0.04234 0.03554 0.04224 0.049 Residual degrees of freedom: 605 Log-likelihood: -2401.24 AIC: 4812.49 BIC: 4834.55 > plot(m$mcmc$scale[, 2], type = "l") > > > > ### * <FOOTER> > ### > cleanEx() > options(digits = 7L) > base::cat("Time elapsed: ", proc.time() - base::get("ptime", pos = 'CheckExEnv'),"\n") Time elapsed: 7.42 0.75 8.17 NA NA > grDevices::dev.off() null device 1 > ### > ### Local variables: *** > ### mode: outline-minor *** > ### outline-regexp: "\\(> \\)?### [*]+" *** > ### End: *** > quit('no') ======== End of example output (where/before crash/hang up occured ?) ======== Flavor: r-devel-windows-x86_64