Last updated on 2025-05-03 21:51:22 CEST.
Flavor | Version | Tinstall | Tcheck | Ttotal | Status | Flags |
---|---|---|---|---|---|---|
r-devel-linux-x86_64-debian-clang | 0.1.0 | 1.76 | 28.92 | 30.68 | OK | |
r-devel-linux-x86_64-debian-gcc | 0.1.0 | 1.32 | 21.81 | 23.13 | OK | |
r-devel-linux-x86_64-fedora-clang | 0.1.0 | 47.02 | NOTE | |||
r-devel-linux-x86_64-fedora-gcc | 0.1.0 | 44.56 | NOTE | |||
r-devel-windows-x86_64 | 0.1.0 | 3.00 | 52.00 | 55.00 | OK | |
r-patched-linux-x86_64 | 0.1.0 | 1.91 | 27.03 | 28.94 | OK | |
r-release-linux-x86_64 | OK | |||||
r-release-macos-arm64 | 0.1.0 | 22.00 | OK | |||
r-release-macos-x86_64 | 0.1.0 | 31.00 | OK | |||
r-release-windows-x86_64 | 0.1.0 | 3.00 | 55.00 | 58.00 | OK | |
r-oldrel-macos-arm64 | 0.1.0 | 20.00 | NOTE | |||
r-oldrel-macos-x86_64 | 0.1.0 | 26.00 | NOTE | |||
r-oldrel-windows-x86_64 | 0.1.0 | 3.00 | 57.00 | 60.00 | NOTE |
Version: 0.1.0
Check: dependencies in R code
Result: NOTE
Namespace in Imports field not imported from: ‘mnormt’
All declared Imports should be used.
Flavors: r-devel-linux-x86_64-fedora-clang, r-devel-linux-x86_64-fedora-gcc
Version: 0.1.0
Check: LazyData
Result: NOTE
'LazyData' is specified without a 'data' directory
Flavors: r-oldrel-macos-arm64, r-oldrel-macos-x86_64, r-oldrel-windows-x86_64