Last updated on 2024-06-17 06:50:22 CEST.
Flavor | Version | Tinstall | Tcheck | Ttotal | Status | Flags |
---|---|---|---|---|---|---|
r-devel-linux-x86_64-debian-clang | 0.9-40 | 5.54 | 56.90 | 62.44 | OK | |
r-devel-linux-x86_64-debian-gcc | 0.9-40 | 4.83 | 42.03 | 46.86 | OK | |
r-devel-linux-x86_64-fedora-clang | 0.9-40 | 79.36 | OK | |||
r-devel-linux-x86_64-fedora-gcc | 0.9-40 | 86.39 | OK | |||
r-devel-windows-x86_64 | 0.9-40 | 8.00 | 90.00 | 98.00 | OK | |
r-patched-linux-x86_64 | 0.9-40 | 6.63 | 54.94 | 61.57 | OK | |
r-release-linux-x86_64 | 0.9-40 | 5.44 | 54.54 | 59.98 | OK | |
r-release-macos-arm64 | 0.9-40 | 32.00 | OK | |||
r-release-macos-x86_64 | 0.9-40 | 66.00 | OK | |||
r-release-windows-x86_64 | 0.9-40 | 9.00 | 91.00 | 100.00 | OK | |
r-oldrel-macos-arm64 | 0.9-40 | 40.00 | OK | |||
r-oldrel-macos-x86_64 | 0.9-40 | 50.00 | NOTE | |||
r-oldrel-windows-x86_64 | 0.9-40 | 9.00 | 94.00 | 103.00 | OK |
Version: 0.9-40
Check: package dependencies
Result: NOTE
Packages suggested but not available for checking: 'car', 'dynlm', 'AER'
Flavor: r-oldrel-macos-x86_64
Version: 0.9-40
Check: Rd cross-references
Result: NOTE
Package unavailable to check Rd xrefs: ‘car’
Flavor: r-oldrel-macos-x86_64