Last updated on 2025-05-03 21:51:23 CEST.
Flavor | Version | Tinstall | Tcheck | Ttotal | Status | Flags |
---|---|---|---|---|---|---|
r-devel-linux-x86_64-debian-clang | 0.8.39 | 1.94 | 29.49 | 31.43 | NOTE | |
r-devel-linux-x86_64-debian-gcc | 0.8.39 | 1.56 | 23.49 | 25.05 | NOTE | |
r-devel-linux-x86_64-fedora-clang | 0.8.39 | 50.73 | OK | |||
r-devel-linux-x86_64-fedora-gcc | 0.8.39 | 61.60 | OK | |||
r-devel-windows-x86_64 | 0.8.39 | 4.00 | 52.00 | 56.00 | OK | |
r-patched-linux-x86_64 | 0.8.39 | 1.87 | 28.62 | 30.49 | OK | |
r-release-linux-x86_64 | OK | |||||
r-release-macos-arm64 | 0.8.39 | 26.00 | OK | |||
r-release-macos-x86_64 | 0.8.39 | 74.00 | OK | |||
r-release-windows-x86_64 | 0.8.39 | 3.00 | 51.00 | 54.00 | OK | |
r-oldrel-macos-arm64 | 0.8.39 | 30.00 | OK | |||
r-oldrel-macos-x86_64 | 0.8.39 | 53.00 | OK | |||
r-oldrel-windows-x86_64 | 0.8.39 | 4.00 | 63.00 | 67.00 | OK |
Version: 0.8.39
Check: CRAN incoming feasibility
Result: NOTE
Maintainer: ‘Thomas Wutzler <twutz@bgc-jena.mpg.de>’
No Authors@R field in DESCRIPTION.
Please add one, modifying
Authors@R: person(given = "Thomas",
family = "Wutzler",
role = c("aut", "cre"),
email = "twutz@bgc-jena.mpg.de")
as necessary.
Flavors: r-devel-linux-x86_64-debian-clang, r-devel-linux-x86_64-debian-gcc