CRAN Package Check Results for Package ltmix

Last updated on 2025-05-07 06:49:53 CEST.

Flavor Version Tinstall Tcheck Ttotal Status Flags
r-devel-linux-x86_64-debian-clang 0.2.2 2.16 19.71 21.87 NOTE
r-devel-linux-x86_64-debian-gcc 0.2.2 1.46 15.56 17.02 NOTE
r-devel-linux-x86_64-fedora-clang 0.2.2 34.52 OK
r-devel-linux-x86_64-fedora-gcc 0.2.2 33.75 OK
r-devel-windows-x86_64 0.2.2 4.00 45.00 49.00 OK
r-patched-linux-x86_64 0.2.2 2.06 18.91 20.97 OK
r-release-linux-x86_64 0.2.2 1.97 18.96 20.93 OK
r-release-macos-arm64 0.2.2 19.00 OK
r-release-macos-x86_64 0.2.2 29.00 OK
r-release-windows-x86_64 0.2.2 4.00 41.00 45.00 OK
r-oldrel-macos-arm64 0.2.2 15.00 OK
r-oldrel-macos-x86_64 0.2.2 23.00 OK
r-oldrel-windows-x86_64 0.2.2 3.00 44.00 47.00 OK

Check Details

Version: 0.2.2
Check: CRAN incoming feasibility
Result: NOTE Maintainer: ‘Martin Blostein <martin.blostein@gmail.com>’ No Authors@R field in DESCRIPTION. Please add one, modifying Authors@R: c(person(given = "Martin", family = "Blostein", role = c("aut", "cre"), email = "martin.blostein@gmail.com"), person(given = "Tatjana", family = "Miljkovic", role = "aut", email = "miljkot@miamioh.edu")) as necessary. Flavors: r-devel-linux-x86_64-debian-clang, r-devel-linux-x86_64-debian-gcc