Last updated on 2024-06-16 11:57:59 CEST.
Flavor | Version | Tinstall | Tcheck | Ttotal | Status | Flags |
---|---|---|---|---|---|---|
r-devel-linux-x86_64-debian-clang | 0.2.1 | 2.14 | 45.10 | 47.24 | OK | |
r-devel-linux-x86_64-debian-gcc | 0.2.1 | 1.83 | 34.15 | 35.98 | OK | |
r-devel-linux-x86_64-fedora-clang | 0.2.1 | 58.81 | NOTE | |||
r-devel-linux-x86_64-fedora-gcc | 0.2.1 | 57.99 | NOTE | |||
r-devel-windows-x86_64 | 0.2.1 | 3.00 | 63.00 | 66.00 | OK | |
r-patched-linux-x86_64 | 0.2.1 | 1.83 | 43.72 | 45.55 | OK | |
r-release-linux-x86_64 | 0.2.1 | 1.43 | 44.19 | 45.62 | OK | |
r-release-macos-arm64 | 0.2.1 | 21.00 | OK | |||
r-release-macos-x86_64 | 0.2.1 | 31.00 | OK | |||
r-release-windows-x86_64 | 0.2.1 | 3.00 | 53.00 | 56.00 | OK | |
r-oldrel-macos-arm64 | 0.2.1 | 22.00 | OK | |||
r-oldrel-macos-x86_64 | 0.2.1 | 32.00 | OK | |||
r-oldrel-windows-x86_64 | 0.2.1 | 3.00 | 59.00 | 62.00 | OK |
Version: 0.2.1
Check: dependencies in R code
Result: NOTE
Namespaces in Imports field not imported from:
‘ncdf4’ ‘raster’
All declared Imports should be used.
Flavors: r-devel-linux-x86_64-fedora-clang, r-devel-linux-x86_64-fedora-gcc