Last updated on 2025-05-06 06:49:59 CEST.
Flavor | Version | Tinstall | Tcheck | Ttotal | Status | Flags |
---|---|---|---|---|---|---|
r-devel-linux-x86_64-debian-clang | 1.2 | 51.16 | 29.91 | 81.07 | NOTE | |
r-devel-linux-x86_64-debian-gcc | 1.2 | 38.64 | 22.16 | 60.80 | NOTE | |
r-devel-linux-x86_64-fedora-clang | 1.2 | 155.90 | NOTE | |||
r-devel-linux-x86_64-fedora-gcc | 1.2 | 161.63 | NOTE | |||
r-devel-windows-x86_64 | 1.2 | 62.00 | 77.00 | 139.00 | NOTE | |
r-patched-linux-x86_64 | 1.2 | 48.90 | 28.54 | 77.44 | NOTE | |
r-release-linux-x86_64 | 1.2 | 52.64 | 28.28 | 80.92 | NOTE | |
r-release-macos-arm64 | 1.2 | 45.00 | NOTE | |||
r-release-macos-x86_64 | 1.2 | 52.00 | NOTE | |||
r-release-windows-x86_64 | 1.2 | 63.00 | 72.00 | 135.00 | NOTE | |
r-oldrel-macos-arm64 | 1.2 | 38.00 | NOTE | |||
r-oldrel-macos-x86_64 | 1.2 | 43.00 | NOTE | |||
r-oldrel-windows-x86_64 | 1.2 | 74.00 | 87.00 | 161.00 | NOTE |
Version: 1.2
Check: C++ specification
Result: NOTE
Specified C++11: please drop specification unless essential
Flavors: r-devel-linux-x86_64-debian-clang, r-devel-linux-x86_64-debian-gcc, r-devel-linux-x86_64-fedora-clang, r-devel-linux-x86_64-fedora-gcc, r-devel-windows-x86_64, r-patched-linux-x86_64, r-release-linux-x86_64, r-release-macos-arm64, r-release-macos-x86_64, r-release-windows-x86_64, r-oldrel-macos-arm64, r-oldrel-macos-x86_64, r-oldrel-windows-x86_64
Version: 1.2
Check: Rd files
Result: NOTE
checkRd: (-1) StEM_pcirt.Rd:11: Lost braces; missing escapes or markup?
11 | \item{response}{N by J matrix containing {0,1,...,M-1} responses, where N is the number of respondents and J is the number of items.}
| ^
Flavors: r-devel-linux-x86_64-debian-clang, r-devel-linux-x86_64-debian-gcc, r-devel-linux-x86_64-fedora-clang, r-devel-linux-x86_64-fedora-gcc, r-devel-windows-x86_64, r-patched-linux-x86_64, r-release-linux-x86_64, r-release-macos-arm64, r-release-macos-x86_64, r-release-windows-x86_64, r-oldrel-macos-arm64, r-oldrel-macos-x86_64, r-oldrel-windows-x86_64