Last updated on 2025-05-07 06:49:54 CEST.
Flavor | Version | Tinstall | Tcheck | Ttotal | Status | Flags |
---|---|---|---|---|---|---|
r-devel-linux-x86_64-debian-clang | 1.92 | 13.53 | 32.50 | 46.03 | NOTE | |
r-devel-linux-x86_64-debian-gcc | 1.92 | 12.14 | 23.73 | 35.87 | NOTE | |
r-devel-linux-x86_64-fedora-clang | 1.92 | 71.10 | OK | |||
r-devel-linux-x86_64-fedora-gcc | 1.92 | 83.59 | OK | |||
r-devel-windows-x86_64 | 1.92 | 22.00 | 66.00 | 88.00 | OK | |
r-patched-linux-x86_64 | 1.92 | 17.53 | 31.06 | 48.59 | OK | |
r-release-linux-x86_64 | 1.92 | 16.74 | 30.92 | 47.66 | OK | |
r-release-macos-arm64 | 1.92 | 28.00 | OK | |||
r-release-macos-x86_64 | 1.92 | 43.00 | OK | |||
r-release-windows-x86_64 | 1.92 | 23.00 | 62.00 | 85.00 | OK | |
r-oldrel-macos-arm64 | 1.92 | 26.00 | OK | |||
r-oldrel-macos-x86_64 | 1.92 | 38.00 | OK | |||
r-oldrel-windows-x86_64 | 1.92 | 21.00 | 74.00 | 95.00 | OK |
Version: 1.92
Check: CRAN incoming feasibility
Result: NOTE
Maintainer: ‘Kyu Ha Lee <klee15239@gmail.com>’
No Authors@R field in DESCRIPTION.
Please add one, modifying
Authors@R: c(person(given = c("Kyu", "Ha"),
family = "Lee",
role = c("aut", "cre"),
email = "klee15239@gmail.com"),
person(given = c("Mahlet", "G."),
family = "Tadesse",
role = "aut"),
person(given = c("Brent", "A."),
family = "Coull",
role = "aut"),
person(given = c("Jacqueline", "R."),
family = "Starr",
role = "aut"))
as necessary.
Flavors: r-devel-linux-x86_64-debian-clang, r-devel-linux-x86_64-debian-gcc