Last updated on 2025-05-06 03:51:07 CEST.
Flavor | Version | Tinstall | Tcheck | Ttotal | Status | Flags |
---|---|---|---|---|---|---|
r-devel-linux-x86_64-debian-clang | 0.8 | 4.47 | 39.35 | 43.82 | NOTE | |
r-devel-linux-x86_64-debian-gcc | 0.8 | 3.13 | 30.17 | 33.30 | NOTE | |
r-devel-linux-x86_64-fedora-clang | 0.8 | 65.98 | OK | |||
r-devel-linux-x86_64-fedora-gcc | 0.8 | 68.51 | OK | |||
r-devel-windows-x86_64 | 0.8 | 7.00 | 55.00 | 62.00 | OK | |
r-patched-linux-x86_64 | 0.8 | 4.27 | 36.39 | 40.66 | OK | |
r-release-linux-x86_64 | 0.8 | 3.80 | 36.10 | 39.90 | OK | |
r-release-macos-arm64 | 0.8 | 31.00 | OK | |||
r-release-macos-x86_64 | 0.8 | 43.00 | OK | |||
r-release-windows-x86_64 | 0.8 | 6.00 | 56.00 | 62.00 | OK | |
r-oldrel-macos-arm64 | 0.8 | 24.00 | OK | |||
r-oldrel-macos-x86_64 | 0.8 | 34.00 | OK | |||
r-oldrel-windows-x86_64 | 0.8 | 7.00 | 64.00 | 71.00 | OK |
Version: 0.8
Check: CRAN incoming feasibility
Result: NOTE
Maintainer: ‘Rahul Premraj <r.premraj+mailR@gmail.com>’
No Authors@R field in DESCRIPTION.
Please add one, modifying
Authors@R: person(given = "Rahul",
family = "Premraj",
role = c("aut", "cre"),
email = "r.premraj+mailr@gmail.com")
as necessary.
Flavors: r-devel-linux-x86_64-debian-clang, r-devel-linux-x86_64-debian-gcc