Last updated on 2025-05-03 12:54:46 CEST.
Flavor | Version | Tinstall | Tcheck | Ttotal | Status | Flags |
---|---|---|---|---|---|---|
r-devel-linux-x86_64-debian-clang | 1.1 | 6.07 | 67.12 | 73.19 | NOTE | |
r-devel-linux-x86_64-debian-gcc | 1.1 | 4.55 | 45.91 | 50.46 | NOTE | |
r-devel-linux-x86_64-fedora-clang | 1.1 | 108.43 | OK | |||
r-devel-linux-x86_64-fedora-gcc | 1.1 | 117.01 | OK | |||
r-devel-windows-x86_64 | 1.1 | 9.00 | 85.00 | 94.00 | OK | |
r-patched-linux-x86_64 | 1.1 | 6.12 | 63.57 | 69.69 | OK | |
r-release-linux-x86_64 | OK | |||||
r-release-macos-arm64 | 1.1 | 32.00 | OK | |||
r-release-macos-x86_64 | 1.1 | 61.00 | OK | |||
r-release-windows-x86_64 | 1.1 | 8.00 | 75.00 | 83.00 | OK | |
r-oldrel-macos-arm64 | 1.1 | 32.00 | OK | |||
r-oldrel-macos-x86_64 | 1.1 | 47.00 | OK | |||
r-oldrel-windows-x86_64 | 1.1 | 10.00 | 94.00 | 104.00 | OK |
Version: 1.1
Check: CRAN incoming feasibility
Result: NOTE
Maintainer: ‘Chris Grace <cgrace@well.ox.ac.uk>’
No Authors@R field in DESCRIPTION.
Please add one, modifying
Authors@R: person(given = "Chris",
family = "Grace",
role = c("aut", "cre"),
email = "cgrace@well.ox.ac.uk")
as necessary.
Flavors: r-devel-linux-x86_64-debian-clang, r-devel-linux-x86_64-debian-gcc